Last updated on 2025-05-01 12:49:42 CEST.
Flavor | Version | Tinstall | Tcheck | Ttotal | Status | Flags |
---|---|---|---|---|---|---|
r-devel-linux-x86_64-debian-clang | 1.0.0 | 18.38 | 54.33 | 72.71 | NOTE | |
r-devel-linux-x86_64-debian-gcc | 1.0.0 | 12.69 | 37.54 | 50.23 | OK | |
r-devel-linux-x86_64-fedora-clang | 1.0.0 | 132.89 | OK | |||
r-devel-linux-x86_64-fedora-gcc | 1.0.0 | 115.18 | OK | |||
r-devel-windows-x86_64 | 1.0.0 | 26.00 | 79.00 | 105.00 | OK | |
r-patched-linux-x86_64 | 1.0.0 | 16.84 | 50.25 | 67.09 | OK | |
r-release-linux-x86_64 | OK | |||||
r-release-macos-arm64 | 1.0.0 | 55.00 | OK | |||
r-release-macos-x86_64 | 1.0.0 | 75.00 | OK | |||
r-release-windows-x86_64 | 1.0.0 | 27.00 | 85.00 | 112.00 | OK | |
r-oldrel-macos-arm64 | 1.0.0 | 37.00 | OK | |||
r-oldrel-macos-x86_64 | 1.0.0 | 51.00 | OK | |||
r-oldrel-windows-x86_64 | 1.0.0 | 28.00 | 90.00 | 118.00 | OK |
Version: 1.0.0
Check: examples
Result: NOTE
Examples with CPU (user + system) or elapsed time > 5s
user system elapsed
supercells 8.4 0.105 10.783
Flavor: r-devel-linux-x86_64-debian-clang
Version: 1.0.0
Check: examples
Result: NA
user system elapsed
supercells 4.982 0.107 5.955
OK
Flavor: r-devel-linux-x86_64-debian-gcc
These binaries (installable software) and packages are in development.
They may not be fully stable and should be used with caution. We make no claims about them.