Last updated on 2025-02-16 08:51:02 CET.
Flavor | Version | Tinstall | Tcheck | Ttotal | Status | Flags |
---|---|---|---|---|---|---|
r-devel-linux-x86_64-debian-clang | 0.1.0 | 4.17 | 140.97 | 145.14 | OK | |
r-devel-linux-x86_64-debian-gcc | 0.1.0 | 2.84 | 92.14 | 94.98 | OK | |
r-devel-linux-x86_64-fedora-clang | 0.1.0 | 234.51 | OK | |||
r-devel-linux-x86_64-fedora-gcc | 0.1.0 | 208.51 | OK | |||
r-devel-macos-arm64 | 0.1.0 | 56.00 | OK | |||
r-devel-macos-x86_64 | 0.1.0 | 127.00 | OK | |||
r-devel-windows-x86_64 | 0.1.0 | 5.00 | 131.00 | 136.00 | OK | |
r-patched-linux-x86_64 | 0.1.0 | 4.04 | 127.54 | 131.58 | NOTE | |
r-release-linux-x86_64 | 0.1.0 | 3.29 | 129.59 | 132.88 | NOTE | |
r-release-macos-arm64 | 0.1.0 | 59.00 | NOTE | |||
r-release-macos-x86_64 | 0.1.0 | 98.00 | NOTE | |||
r-release-windows-x86_64 | 0.1.0 | 6.00 | 128.00 | 134.00 | NOTE | |
r-oldrel-macos-arm64 | 0.1.0 | 63.00 | NOTE | |||
r-oldrel-macos-x86_64 | 0.1.0 | 103.00 | NOTE | |||
r-oldrel-windows-x86_64 | 0.1.0 | 7.00 | 185.00 | 192.00 | NOTE |
Version: 0.1.0
Check: LazyData
Result: NOTE
'LazyData' is specified without a 'data' directory
Flavors: r-patched-linux-x86_64, r-release-linux-x86_64, r-release-macos-arm64, r-release-macos-x86_64, r-release-windows-x86_64, r-oldrel-macos-arm64, r-oldrel-macos-x86_64, r-oldrel-windows-x86_64
These binaries (installable software) and packages are in development.
They may not be fully stable and should be used with caution. We make no claims about them.