Last updated on 2025-05-01 17:56:18 CEST.
Flavor | Version | Tinstall | Tcheck | Ttotal | Status | Flags |
---|---|---|---|---|---|---|
r-devel-linux-x86_64-debian-clang | 1.12 | 8.48 | 62.63 | 71.11 | NOTE | |
r-devel-linux-x86_64-debian-gcc | 1.12 | 5.69 | 47.77 | 53.46 | NOTE | |
r-devel-linux-x86_64-fedora-clang | 1.12 | 112.19 | OK | |||
r-devel-linux-x86_64-fedora-gcc | 1.12 | 105.52 | OK | |||
r-devel-windows-x86_64 | 1.12 | 8.00 | 78.00 | 86.00 | OK | |
r-patched-linux-x86_64 | 1.12 | 8.34 | 60.24 | 68.58 | OK | |
r-release-linux-x86_64 | OK | |||||
r-release-macos-arm64 | 1.12 | 35.00 | OK | |||
r-release-macos-x86_64 | 1.12 | 58.00 | OK | |||
r-release-windows-x86_64 | 1.12 | 9.00 | 83.00 | 92.00 | OK | |
r-oldrel-macos-arm64 | 1.12 | 33.00 | OK | |||
r-oldrel-macos-x86_64 | 1.12 | 48.00 | OK | |||
r-oldrel-windows-x86_64 | 1.12 | 11.00 | 87.00 | 98.00 | OK |
Version: 1.12
Check: CRAN incoming feasibility
Result: NOTE
Maintainer: ‘Jean-Eudes Dazard <jean-eudes.dazard@case.edu>’
Package CITATION file contains call(s) to old-style personList() or
as.personList(). Please use c() on person objects instead.
Package CITATION file contains call(s) to old-style citEntry(). Please
use bibentry() instead.
Flavors: r-devel-linux-x86_64-debian-clang, r-devel-linux-x86_64-debian-gcc
These binaries (installable software) and packages are in development.
They may not be fully stable and should be used with caution. We make no claims about them.