Last updated on 2025-05-01 15:49:46 CEST.
Flavor | Version | Tinstall | Tcheck | Ttotal | Status | Flags |
---|---|---|---|---|---|---|
r-devel-linux-x86_64-debian-clang | 2.0.0 | 2.07 | 168.44 | 170.51 | OK | |
r-devel-linux-x86_64-debian-gcc | 2.0.0 | 1.45 | 107.84 | 109.29 | OK | |
r-devel-linux-x86_64-fedora-clang | 2.0.0 | 284.09 | OK | |||
r-devel-linux-x86_64-fedora-gcc | 2.0.0 | 268.92 | OK | |||
r-devel-windows-x86_64 | 2.0.0 | 3.00 | 193.00 | 196.00 | OK | |
r-patched-linux-x86_64 | 2.0.0 | 2.02 | 161.51 | 163.53 | OK | |
r-release-linux-x86_64 | OK | |||||
r-release-macos-arm64 | 2.0.0 | 159.00 | OK | |||
r-release-macos-x86_64 | 2.0.0 | 148.00 | OK | |||
r-release-windows-x86_64 | 2.0.0 | 3.00 | 202.00 | 205.00 | OK | |
r-oldrel-macos-arm64 | 2.0.0 | 130.00 | NOTE | |||
r-oldrel-macos-x86_64 | 2.0.0 | 149.00 | NOTE | |||
r-oldrel-windows-x86_64 | 2.0.0 | 4.00 | 234.00 | 238.00 | NOTE |
Version: 2.0.0
Check: LazyData
Result: NOTE
'LazyData' is specified without a 'data' directory
Flavors: r-oldrel-macos-arm64, r-oldrel-macos-x86_64, r-oldrel-windows-x86_64
These binaries (installable software) and packages are in development.
They may not be fully stable and should be used with caution. We make no claims about them.