Last updated on 2025-10-03 11:51:03 CEST.
Flavor | Version | Tinstall | Tcheck | Ttotal | Status | Flags |
---|---|---|---|---|---|---|
r-devel-linux-x86_64-debian-clang | 2.0.0 | 2.73 | 168.34 | 171.07 | OK | |
r-devel-linux-x86_64-debian-gcc | 2.0.0 | 2.89 | 113.47 | 116.36 | OK | |
r-devel-linux-x86_64-fedora-clang | 2.0.0 | 253.52 | OK | |||
r-devel-linux-x86_64-fedora-gcc | 2.0.0 | 266.05 | OK | |||
r-devel-windows-x86_64 | 2.0.0 | 4.00 | 171.00 | 175.00 | OK | |
r-patched-linux-x86_64 | 2.0.0 | 2.00 | 161.90 | 163.90 | OK | |
r-release-linux-x86_64 | 2.0.0 | 1.95 | 163.16 | 165.11 | OK | |
r-release-macos-arm64 | 2.0.0 | 159.00 | OK | |||
r-release-macos-x86_64 | 2.0.0 | 148.00 | OK | |||
r-release-windows-x86_64 | 2.0.0 | 3.00 | 177.00 | 180.00 | OK | |
r-oldrel-macos-arm64 | 2.0.0 | 130.00 | NOTE | |||
r-oldrel-macos-x86_64 | 2.0.0 | 149.00 | NOTE | |||
r-oldrel-windows-x86_64 | 2.0.0 | 4.00 | 233.00 | 237.00 | NOTE |
Version: 2.0.0
Check: LazyData
Result: NOTE
'LazyData' is specified without a 'data' directory
Flavors: r-oldrel-macos-arm64, r-oldrel-macos-x86_64, r-oldrel-windows-x86_64
These binaries (installable software) and packages are in development.
They may not be fully stable and should be used with caution. We make no claims about them.