CRAN Package Check Results for Package supervisedPRIM

Last updated on 2025-07-05 01:49:35 CEST.

Flavor Version Tinstall Tcheck Ttotal Status Flags
r-devel-linux-x86_64-debian-clang 2.0.0 2.79 166.37 169.16 OK
r-devel-linux-x86_64-debian-gcc 2.0.0 3.03 112.31 115.34 OK
r-devel-linux-x86_64-fedora-clang 2.0.0 260.38 OK
r-devel-linux-x86_64-fedora-gcc 2.0.0 258.68 OK
r-devel-windows-x86_64 2.0.0 3.00 174.00 177.00 OK
r-patched-linux-x86_64 2.0.0 1.87 160.59 162.46 OK
r-release-linux-x86_64 2.0.0 1.94 160.80 162.74 OK
r-release-macos-arm64 2.0.0 159.00 OK
r-release-macos-x86_64 2.0.0 148.00 OK
r-release-windows-x86_64 2.0.0 4.00 178.00 182.00 OK
r-oldrel-macos-arm64 2.0.0 130.00 NOTE
r-oldrel-macos-x86_64 2.0.0 149.00 NOTE
r-oldrel-windows-x86_64 2.0.0 4.00 231.00 235.00 NOTE

Check Details

Version: 2.0.0
Check: LazyData
Result: NOTE 'LazyData' is specified without a 'data' directory Flavors: r-oldrel-macos-arm64, r-oldrel-macos-x86_64, r-oldrel-windows-x86_64

These binaries (installable software) and packages are in development.
They may not be fully stable and should be used with caution. We make no claims about them.