Last updated on 2025-11-13 01:50:36 CET.
| Flavor | Version | Tinstall | Tcheck | Ttotal | Status | Flags |
|---|---|---|---|---|---|---|
| r-devel-linux-x86_64-debian-clang | 0.2-1 | 2.37 | 25.15 | 27.52 | NOTE | |
| r-devel-linux-x86_64-debian-gcc | 0.2-1 | 1.65 | 19.97 | 21.62 | NOTE | |
| r-devel-linux-x86_64-fedora-clang | 0.2-1 | 39.20 | OK | |||
| r-devel-linux-x86_64-fedora-gcc | 0.2-1 | 38.77 | OK | |||
| r-devel-windows-x86_64 | 0.2-1 | 4.00 | 43.00 | 47.00 | OK | |
| r-patched-linux-x86_64 | 0.2-1 | 2.62 | 23.86 | 26.48 | OK | |
| r-release-linux-x86_64 | 0.2-1 | 2.25 | 23.91 | 26.16 | OK | |
| r-release-macos-arm64 | 0.2-1 | 1.00 | 16.00 | 17.00 | OK | |
| r-release-macos-x86_64 | 0.2-1 | 2.00 | 25.00 | 27.00 | OK | |
| r-release-windows-x86_64 | 0.2-1 | 3.00 | 43.00 | 46.00 | OK | |
| r-oldrel-macos-arm64 | 0.2-1 | 1.00 | 14.00 | 15.00 | OK | |
| r-oldrel-macos-x86_64 | 0.2-1 | 2.00 | 20.00 | 22.00 | OK | |
| r-oldrel-windows-x86_64 | 0.2-1 | 5.00 | 50.00 | 55.00 | OK |
Version: 0.2-1
Check: CRAN incoming feasibility
Result: NOTE
Maintainer: ‘Hideo Aizaki <azk-r@spa.nifty.com>’
No Authors@R field in DESCRIPTION.
Please add one, modifying
Authors@R: person(given = "Hideo",
family = "Aizaki",
role = c("aut", "cre"),
email = "azk-r@spa.nifty.com")
as necessary.
Flavors: r-devel-linux-x86_64-debian-clang, r-devel-linux-x86_64-debian-gcc
These binaries (installable software) and packages are in development.
They may not be fully stable and should be used with caution. We make no claims about them.