Last updated on 2025-10-03 13:49:49 CEST.
Flavor | Version | Tinstall | Tcheck | Ttotal | Status | Flags |
---|---|---|---|---|---|---|
r-devel-linux-x86_64-debian-clang | 0.7-0 | 3.20 | 40.43 | 43.63 | NOTE | |
r-devel-linux-x86_64-debian-gcc | 0.7-0 | 2.76 | 30.48 | 33.24 | NOTE | |
r-devel-linux-x86_64-fedora-clang | 0.7-0 | 63.61 | OK | |||
r-devel-linux-x86_64-fedora-gcc | 0.7-0 | 63.36 | OK | |||
r-devel-windows-x86_64 | 0.7-0 | 6.00 | 61.00 | 67.00 | OK | |
r-patched-linux-x86_64 | 0.7-0 | 4.18 | 38.73 | 42.91 | OK | |
r-release-linux-x86_64 | 0.7-0 | 3.32 | 38.25 | 41.57 | OK | |
r-release-macos-arm64 | 0.7-0 | 27.00 | OK | |||
r-release-macos-x86_64 | 0.7-0 | 44.00 | OK | |||
r-release-windows-x86_64 | 0.7-0 | 5.00 | 62.00 | 67.00 | OK | |
r-oldrel-macos-arm64 | 0.7-0 | 23.00 | OK | |||
r-oldrel-macos-x86_64 | 0.7-0 | 37.00 | OK | |||
r-oldrel-windows-x86_64 | 0.7-0 | 7.00 | 71.00 | 78.00 | OK |
Version: 0.7-0
Check: CRAN incoming feasibility
Result: NOTE
Maintainer: ‘Hideo Aizaki <azk-r@spa.nifty.com>’
No Authors@R field in DESCRIPTION.
Please add one, modifying
Authors@R: person(given = "Hideo",
family = "Aizaki",
role = c("aut", "cre"),
email = "azk-r@spa.nifty.com")
as necessary.
Flavors: r-devel-linux-x86_64-debian-clang, r-devel-linux-x86_64-debian-gcc
These binaries (installable software) and packages are in development.
They may not be fully stable and should be used with caution. We make no claims about them.