Last updated on 2025-02-16 08:51:02 CET.
Flavor | Version | Tinstall | Tcheck | Ttotal | Status | Flags |
---|---|---|---|---|---|---|
r-devel-linux-x86_64-debian-clang | 0.1.2 | 50.21 | 56.02 | 106.23 | NOTE | |
r-devel-linux-x86_64-debian-gcc | 0.1.2 | 38.08 | 40.11 | 78.19 | NOTE | |
r-devel-linux-x86_64-fedora-clang | 0.1.2 | 203.47 | NOTE | |||
r-devel-linux-x86_64-fedora-gcc | 0.1.2 | 200.81 | NOTE | |||
r-devel-macos-arm64 | 0.1.2 | 46.00 | NOTE | |||
r-devel-macos-x86_64 | 0.1.2 | 76.00 | NOTE | |||
r-devel-windows-x86_64 | 0.1.2 | 57.00 | 92.00 | 149.00 | NOTE | |
r-patched-linux-x86_64 | 0.1.2 | 53.05 | 52.01 | 105.06 | NOTE | |
r-release-linux-x86_64 | 0.1.2 | 52.53 | 52.02 | 104.55 | NOTE | |
r-release-macos-arm64 | 0.1.2 | 47.00 | NOTE | |||
r-release-macos-x86_64 | 0.1.2 | 60.00 | NOTE | |||
r-release-windows-x86_64 | 0.1.2 | 58.00 | 94.00 | 152.00 | NOTE | |
r-oldrel-macos-arm64 | 0.1.2 | 56.00 | NOTE | |||
r-oldrel-macos-x86_64 | 0.1.2 | 98.00 | NOTE | |||
r-oldrel-windows-x86_64 | 0.1.2 | 71.00 | 102.00 | 173.00 | NOTE |
Version: 0.1.2
Check: C++ specification
Result: NOTE
Specified C++11: please drop specification unless essential
Flavors: r-devel-linux-x86_64-debian-clang, r-devel-linux-x86_64-debian-gcc, r-devel-linux-x86_64-fedora-clang, r-devel-linux-x86_64-fedora-gcc, r-devel-macos-arm64, r-devel-macos-x86_64, r-devel-windows-x86_64, r-patched-linux-x86_64, r-release-linux-x86_64, r-release-macos-arm64, r-release-macos-x86_64, r-release-windows-x86_64, r-oldrel-macos-arm64, r-oldrel-macos-x86_64, r-oldrel-windows-x86_64
These binaries (installable software) and packages are in development.
They may not be fully stable and should be used with caution. We make no claims about them.