CRAN Package Check Results for Package surbayes

Last updated on 2025-07-22 07:49:54 CEST.

Flavor Version Tinstall Tcheck Ttotal Status Flags
r-devel-linux-x86_64-debian-clang 0.1.2 49.61 57.21 106.82 NOTE
r-devel-linux-x86_64-debian-gcc 0.1.2 38.43 43.54 81.97 NOTE
r-devel-linux-x86_64-fedora-clang 0.1.2 196.31 NOTE
r-devel-linux-x86_64-fedora-gcc 0.1.2 180.77 NOTE
r-devel-windows-x86_64 0.1.2 61.00 85.00 146.00 NOTE
r-patched-linux-x86_64 0.1.2 53.65 53.00 106.65 NOTE
r-release-linux-x86_64 0.1.2 54.21 53.55 107.76 NOTE
r-release-macos-arm64 0.1.2 50.00 NOTE
r-release-macos-x86_64 0.1.2 76.00 NOTE
r-release-windows-x86_64 0.1.2 61.00 89.00 150.00 NOTE
r-oldrel-macos-arm64 0.1.2 47.00 NOTE
r-oldrel-macos-x86_64 0.1.2 60.00 NOTE
r-oldrel-windows-x86_64 0.1.2 76.00 113.00 189.00 NOTE

Check Details

Version: 0.1.2
Check: CRAN incoming feasibility
Result: NOTE Maintainer: ‘Ethan Alt <ethanalt@live.unc.edu>’ No Authors@R field in DESCRIPTION. Please add one, modifying Authors@R: person(given = "Ethan", family = "Alt", role = c("aut", "cre"), email = "ethanalt@live.unc.edu") as necessary. Flavors: r-devel-linux-x86_64-debian-clang, r-devel-linux-x86_64-debian-gcc

Version: 0.1.2
Check: C++ specification
Result: NOTE Specified C++11: please drop specification unless essential Flavors: r-devel-linux-x86_64-debian-clang, r-devel-linux-x86_64-debian-gcc, r-devel-linux-x86_64-fedora-clang, r-devel-linux-x86_64-fedora-gcc, r-devel-windows-x86_64, r-patched-linux-x86_64, r-release-linux-x86_64, r-release-macos-arm64, r-release-macos-x86_64, r-release-windows-x86_64, r-oldrel-macos-arm64, r-oldrel-macos-x86_64, r-oldrel-windows-x86_64

These binaries (installable software) and packages are in development.
They may not be fully stable and should be used with caution. We make no claims about them.