CRAN Package Check Results for Package surbayes

Last updated on 2025-05-07 15:49:32 CEST.

Flavor Version Tinstall Tcheck Ttotal Status Flags
r-devel-linux-x86_64-debian-clang 0.1.2 55.77 56.76 112.53 NOTE
r-devel-linux-x86_64-debian-gcc 0.1.2 39.56 42.92 82.48 NOTE
r-devel-linux-x86_64-fedora-clang 0.1.2 203.30 NOTE
r-devel-linux-x86_64-fedora-gcc 0.1.2 197.45 NOTE
r-devel-windows-x86_64 0.1.2 62.00 89.00 151.00 NOTE
r-patched-linux-x86_64 0.1.2 52.92 53.33 106.25 NOTE
r-release-linux-x86_64 0.1.2 49.52 53.56 103.08 NOTE
r-release-macos-arm64 0.1.2 50.00 NOTE
r-release-macos-x86_64 0.1.2 76.00 NOTE
r-release-windows-x86_64 0.1.2 63.00 93.00 156.00 NOTE
r-oldrel-macos-arm64 0.1.2 47.00 NOTE
r-oldrel-macos-x86_64 0.1.2 60.00 NOTE
r-oldrel-windows-x86_64 0.1.2 73.00 109.00 182.00 NOTE

Check Details

Version: 0.1.2
Check: CRAN incoming feasibility
Result: NOTE Maintainer: ‘Ethan Alt <ethanalt@live.unc.edu>’ No Authors@R field in DESCRIPTION. Please add one, modifying Authors@R: person(given = "Ethan", family = "Alt", role = c("aut", "cre"), email = "ethanalt@live.unc.edu") as necessary. Flavors: r-devel-linux-x86_64-debian-clang, r-devel-linux-x86_64-debian-gcc

Version: 0.1.2
Check: C++ specification
Result: NOTE Specified C++11: please drop specification unless essential Flavors: r-devel-linux-x86_64-debian-clang, r-devel-linux-x86_64-debian-gcc, r-devel-linux-x86_64-fedora-clang, r-devel-linux-x86_64-fedora-gcc, r-devel-windows-x86_64, r-patched-linux-x86_64, r-release-linux-x86_64, r-release-macos-arm64, r-release-macos-x86_64, r-release-windows-x86_64, r-oldrel-macos-arm64, r-oldrel-macos-x86_64, r-oldrel-windows-x86_64

These binaries (installable software) and packages are in development.
They may not be fully stable and should be used with caution. We make no claims about them.