Last updated on 2025-02-16 08:51:02 CET.
Flavor | Version | Tinstall | Tcheck | Ttotal | Status | Flags |
---|---|---|---|---|---|---|
r-devel-linux-x86_64-debian-clang | 0.2.0 | 4.66 | 43.18 | 47.84 | NOTE | |
r-devel-linux-x86_64-debian-gcc | 0.2.0 | 3.50 | 32.38 | 35.88 | NOTE | |
r-devel-linux-x86_64-fedora-clang | 0.2.0 | 76.83 | NOTE | |||
r-devel-linux-x86_64-fedora-gcc | 0.2.0 | 76.76 | NOTE | |||
r-devel-macos-arm64 | 0.2.0 | 25.00 | NOTE | |||
r-devel-macos-x86_64 | 0.2.0 | 46.00 | NOTE | |||
r-devel-windows-x86_64 | 0.2.0 | 7.00 | 63.00 | 70.00 | NOTE | |
r-patched-linux-x86_64 | 0.2.0 | 5.05 | 40.17 | 45.22 | NOTE | |
r-release-linux-x86_64 | 0.2.0 | 4.64 | 39.01 | 43.65 | NOTE | |
r-release-macos-arm64 | 0.2.0 | 24.00 | NOTE | |||
r-release-macos-x86_64 | 0.2.0 | 39.00 | NOTE | |||
r-release-windows-x86_64 | 0.2.0 | 7.00 | 68.00 | 75.00 | NOTE | |
r-oldrel-macos-arm64 | 0.2.0 | 25.00 | OK | |||
r-oldrel-macos-x86_64 | 0.2.0 | 38.00 | OK | |||
r-oldrel-windows-x86_64 | 0.2.0 | 8.00 | 70.00 | 78.00 | OK |
Version: 0.2.0
Check: Rd files
Result: NOTE
checkRd: (-1) getFittedProbs.Rd:6-8: Lost braces
6 | getFittedValues <- function(object) {
| ^
checkRd: (-1) getFittedProbs.Rd:14-16: Lost braces
14 | getFittedValues <- function(object) {
| ^
Flavors: r-devel-linux-x86_64-debian-clang, r-devel-linux-x86_64-debian-gcc, r-devel-linux-x86_64-fedora-clang, r-devel-linux-x86_64-fedora-gcc, r-devel-macos-arm64, r-devel-macos-x86_64, r-devel-windows-x86_64, r-patched-linux-x86_64, r-release-linux-x86_64, r-release-macos-arm64, r-release-macos-x86_64, r-release-windows-x86_64
These binaries (installable software) and packages are in development.
They may not be fully stable and should be used with caution. We make no claims about them.