Last updated on 2025-05-08 04:52:20 CEST.
Flavor | Version | Tinstall | Tcheck | Ttotal | Status | Flags |
---|---|---|---|---|---|---|
r-devel-linux-x86_64-debian-clang | 0.2.0 | 5.33 | 48.80 | 54.13 | NOTE | |
r-devel-linux-x86_64-debian-gcc | 0.2.0 | 3.32 | 34.43 | 37.75 | NOTE | |
r-devel-linux-x86_64-fedora-clang | 0.2.0 | 75.43 | NOTE | |||
r-devel-linux-x86_64-fedora-gcc | 0.2.0 | 79.50 | NOTE | |||
r-devel-windows-x86_64 | 0.2.0 | 7.00 | 66.00 | 73.00 | NOTE | |
r-patched-linux-x86_64 | 0.2.0 | 4.71 | 45.15 | 49.86 | NOTE | |
r-release-linux-x86_64 | 0.2.0 | 4.73 | 45.07 | 49.80 | NOTE | |
r-release-macos-arm64 | 0.2.0 | 26.00 | NOTE | |||
r-release-macos-x86_64 | 0.2.0 | 43.00 | NOTE | |||
r-release-windows-x86_64 | 0.2.0 | 8.00 | 64.00 | 72.00 | NOTE | |
r-oldrel-macos-arm64 | 0.2.0 | 24.00 | NOTE | |||
r-oldrel-macos-x86_64 | 0.2.0 | 39.00 | NOTE | |||
r-oldrel-windows-x86_64 | 0.2.0 | 8.00 | 78.00 | 86.00 | NOTE |
Version: 0.2.0
Check: Rd files
Result: NOTE
checkRd: (-1) getFittedProbs.Rd:6-8: Lost braces
6 | getFittedValues <- function(object) {
| ^
checkRd: (-1) getFittedProbs.Rd:14-16: Lost braces
14 | getFittedValues <- function(object) {
| ^
Flavors: r-devel-linux-x86_64-debian-clang, r-devel-linux-x86_64-debian-gcc, r-devel-linux-x86_64-fedora-clang, r-devel-linux-x86_64-fedora-gcc, r-devel-windows-x86_64, r-patched-linux-x86_64, r-release-linux-x86_64, r-release-macos-arm64, r-release-macos-x86_64, r-release-windows-x86_64, r-oldrel-macos-arm64, r-oldrel-macos-x86_64, r-oldrel-windows-x86_64
These binaries (installable software) and packages are in development.
They may not be fully stable and should be used with caution. We make no claims about them.