CRAN Package Check Results for Package surrosurvROC

Last updated on 2025-02-16 08:51:02 CET.

Flavor Version Tinstall Tcheck Ttotal Status Flags
r-devel-linux-x86_64-debian-clang 0.1.0 6.57 57.96 64.53 OK
r-devel-linux-x86_64-debian-gcc 0.1.0 4.35 44.68 49.03 OK
r-devel-linux-x86_64-fedora-clang 0.1.0 102.60 OK
r-devel-linux-x86_64-fedora-gcc 0.1.0 95.67 OK
r-devel-macos-arm64 0.1.0 27.00 OK
r-devel-macos-x86_64 0.1.0 56.00 OK
r-devel-windows-x86_64 0.1.0 8.00 73.00 81.00 OK
r-patched-linux-x86_64 0.1.0 6.07 54.12 60.19 NOTE
r-release-linux-x86_64 0.1.0 5.71 53.84 59.55 NOTE
r-release-macos-arm64 0.1.0 30.00 NOTE
r-release-macos-x86_64 0.1.0 67.00 NOTE
r-release-windows-x86_64 0.1.0 7.00 68.00 75.00 NOTE
r-oldrel-macos-arm64 0.1.0 35.00 NOTE
r-oldrel-macos-x86_64 0.1.0 54.00 NOTE
r-oldrel-windows-x86_64 0.1.0 9.00 76.00 85.00 NOTE

Check Details

Version: 0.1.0
Check: LazyData
Result: NOTE 'LazyData' is specified without a 'data' directory Flavors: r-patched-linux-x86_64, r-release-linux-x86_64, r-release-macos-arm64, r-release-macos-x86_64, r-release-windows-x86_64, r-oldrel-macos-arm64, r-oldrel-macos-x86_64, r-oldrel-windows-x86_64

These binaries (installable software) and packages are in development.
They may not be fully stable and should be used with caution. We make no claims about them.