Last updated on 2025-11-24 13:50:16 CET.
| Flavor | Version | Tinstall | Tcheck | Ttotal | Status | Flags |
|---|---|---|---|---|---|---|
| r-devel-linux-x86_64-debian-clang | 0.1.0 | 4.89 | 59.57 | 64.46 | NOTE | |
| r-devel-linux-x86_64-debian-gcc | 0.1.0 | 5.05 | 43.25 | 48.30 | NOTE | |
| r-devel-linux-x86_64-fedora-clang | 0.1.0 | 15.00 | 82.71 | 97.71 | OK | |
| r-devel-linux-x86_64-fedora-gcc | 0.1.0 | 14.00 | 81.83 | 95.83 | OK | |
| r-devel-windows-x86_64 | 0.1.0 | 9.00 | 65.00 | 74.00 | OK | |
| r-patched-linux-x86_64 | 0.1.0 | 6.18 | 57.15 | 63.33 | OK | |
| r-release-linux-x86_64 | 0.1.0 | 6.26 | 57.88 | 64.14 | OK | |
| r-release-macos-arm64 | 0.1.0 | OK | ||||
| r-release-macos-x86_64 | 0.1.0 | 6.00 | 51.00 | 57.00 | OK | |
| r-release-windows-x86_64 | 0.1.0 | 8.00 | 76.00 | 84.00 | OK | |
| r-oldrel-macos-arm64 | 0.1.0 | NOTE | ||||
| r-oldrel-macos-x86_64 | 0.1.0 | 8.00 | 59.00 | 67.00 | NOTE | |
| r-oldrel-windows-x86_64 | 0.1.0 | 9.00 | 81.00 | 90.00 | NOTE |
Version: 0.1.0
Check: CRAN incoming feasibility
Result: NOTE
Maintainer: ‘Yunro Chung <yunro.chung@asu.edu>’
No Authors@R field in DESCRIPTION.
Please add one, modifying
Authors@R: person(given = "Yunro",
family = "Chung",
role = c("cre", "aut"),
email = "yunro.chung@asu.edu")
as necessary.
Found the following \keyword or \concept entries
which likely give several index terms:
File ‘surrosurvROC-package.Rd’:
\keyword{biomarkers, inverse probability weighing, [TRUNCATED]
File ‘surrosurvROC.Rd’:
\keyword{biomarkers, inverse probability weighing, [TRUNCATED]
Flavors: r-devel-linux-x86_64-debian-clang, r-devel-linux-x86_64-debian-gcc
Version: 0.1.0
Check: LazyData
Result: NOTE
'LazyData' is specified without a 'data' directory
Flavors: r-oldrel-macos-arm64, r-oldrel-macos-x86_64, r-oldrel-windows-x86_64
These binaries (installable software) and packages are in development.
They may not be fully stable and should be used with caution. We make no claims about them.