CRAN Package Check Results for Package surtvep

Last updated on 2025-10-09 17:50:54 CEST.

Flavor Version Tinstall Tcheck Ttotal Status Flags
r-devel-linux-x86_64-debian-clang 1.0.0 61.36 86.45 147.81 OK
r-devel-linux-x86_64-debian-gcc 1.0.0 45.04 59.54 104.58 OK
r-devel-linux-x86_64-fedora-clang 1.0.0 253.30 OK
r-devel-linux-x86_64-fedora-gcc 1.0.0 248.58 OK
r-devel-windows-x86_64 1.0.0 63.00 128.00 191.00 OK
r-patched-linux-x86_64 1.0.0 64.17 82.22 146.39 OK
r-release-linux-x86_64 1.0.0 57.43 81.64 139.07 OK
r-release-macos-arm64 1.0.0 61.00 OK
r-release-macos-x86_64 1.0.0 107.00 OK
r-release-windows-x86_64 1.0.0 63.00 122.00 185.00 OK
r-oldrel-macos-arm64 1.0.0 63.00 NOTE
r-oldrel-macos-x86_64 1.0.0 83.00 NOTE
r-oldrel-windows-x86_64 1.0.0 75.00 169.00 244.00 OK

Check Details

Version: 1.0.0
Check: installed package size
Result: NOTE installed size is 8.0Mb sub-directories of 1Mb or more: libs 7.4Mb Flavors: r-oldrel-macos-arm64, r-oldrel-macos-x86_64

These binaries (installable software) and packages are in development.
They may not be fully stable and should be used with caution. We make no claims about them.