Last updated on 2025-11-11 17:50:15 CET.
| Flavor | Version | Tinstall | Tcheck | Ttotal | Status | Flags |
|---|---|---|---|---|---|---|
| r-devel-linux-x86_64-debian-clang | 1.0.0 | 63.64 | 85.76 | 149.40 | OK | |
| r-devel-linux-x86_64-debian-gcc | 1.0.0 | 45.77 | 60.32 | 106.09 | OK | |
| r-devel-linux-x86_64-fedora-clang | 1.0.0 | 99.00 | 137.76 | 236.76 | OK | |
| r-devel-linux-x86_64-fedora-gcc | 1.0.0 | 133.00 | 113.76 | 246.76 | OK | |
| r-devel-windows-x86_64 | 1.0.0 | 60.00 | 125.00 | 185.00 | OK | |
| r-patched-linux-x86_64 | 1.0.0 | 59.91 | 82.32 | 142.23 | OK | |
| r-release-linux-x86_64 | 1.0.0 | 59.62 | 82.88 | 142.50 | OK | |
| r-release-macos-arm64 | 1.0.0 | 26.00 | 35.00 | 61.00 | OK | |
| r-release-macos-x86_64 | 1.0.0 | 49.00 | 58.00 | 107.00 | OK | |
| r-release-windows-x86_64 | 1.0.0 | 62.00 | 123.00 | 185.00 | OK | |
| r-oldrel-macos-arm64 | 1.0.0 | 27.00 | 36.00 | 63.00 | NOTE | |
| r-oldrel-macos-x86_64 | 1.0.0 | 37.00 | 46.00 | 83.00 | NOTE | |
| r-oldrel-windows-x86_64 | 1.0.0 | 78.00 | 161.00 | 239.00 | OK |
Version: 1.0.0
Check: installed package size
Result: NOTE
installed size is 8.0Mb
sub-directories of 1Mb or more:
libs 7.4Mb
Flavors: r-oldrel-macos-arm64, r-oldrel-macos-x86_64
These binaries (installable software) and packages are in development.
They may not be fully stable and should be used with caution. We make no claims about them.