Last updated on 2025-07-01 11:49:32 CEST.
Flavor | Version | Tinstall | Tcheck | Ttotal | Status | Flags |
---|---|---|---|---|---|---|
r-devel-linux-x86_64-debian-clang | 1.0.1 | 5.28 | 52.83 | 58.11 | NOTE | |
r-devel-linux-x86_64-debian-gcc | 1.0.1 | 4.20 | 42.24 | 46.44 | NOTE | |
r-devel-linux-x86_64-fedora-clang | 1.0.1 | 84.42 | OK | |||
r-devel-linux-x86_64-fedora-gcc | 1.0.1 | 83.48 | OK | |||
r-devel-windows-x86_64 | 1.0.1 | 7.00 | 64.00 | 71.00 | OK | |
r-patched-linux-x86_64 | OK | |||||
r-release-linux-x86_64 | 1.0.1 | 5.86 | 49.89 | 55.75 | OK | |
r-release-macos-arm64 | 1.0.1 | 28.00 | OK | |||
r-release-macos-x86_64 | 1.0.1 | 49.00 | OK | |||
r-release-windows-x86_64 | 1.0.1 | 9.00 | 65.00 | 74.00 | OK | |
r-oldrel-macos-arm64 | 1.0.1 | 28.00 | OK | |||
r-oldrel-macos-x86_64 | 1.0.1 | 41.00 | OK | |||
r-oldrel-windows-x86_64 | 1.0.1 | 10.00 | 73.00 | 83.00 | OK |
Version: 1.0.1
Check: CRAN incoming feasibility
Result: NOTE
Maintainer: ‘Miki Horiguchi <horiguchimiki@gmail.com>’
No Authors@R field in DESCRIPTION.
Please add one, modifying
Authors@R: c(person(given = "Miki",
family = "Horiguchi",
role = c("aut", "cre"),
email = "horiguchimiki@gmail.com"),
person(given = "Hajime",
family = "Uno",
role = "aut"))
as necessary.
Flavors: r-devel-linux-x86_64-debian-clang, r-devel-linux-x86_64-debian-gcc
These binaries (installable software) and packages are in development.
They may not be fully stable and should be used with caution. We make no claims about them.