Last updated on 2025-11-24 13:50:16 CET.
| Flavor | Version | Tinstall | Tcheck | Ttotal | Status | Flags |
|---|---|---|---|---|---|---|
| r-devel-linux-x86_64-debian-clang | 1.0 | 6.65 | 99.25 | 105.90 | NOTE | |
| r-devel-linux-x86_64-debian-gcc | 1.0 | 4.81 | 70.21 | 75.02 | NOTE | |
| r-devel-linux-x86_64-fedora-clang | 1.0 | 15.00 | 139.78 | 154.78 | OK | |
| r-devel-linux-x86_64-fedora-gcc | 1.0 | 14.00 | 149.31 | 163.31 | OK | |
| r-devel-windows-x86_64 | 1.0 | 10.00 | 104.00 | 114.00 | OK | |
| r-patched-linux-x86_64 | 1.0 | 5.84 | 92.38 | 98.22 | OK | |
| r-release-linux-x86_64 | 1.0 | 5.53 | 94.13 | 99.66 | OK | |
| r-release-macos-arm64 | 1.0 | OK | ||||
| r-release-macos-x86_64 | 1.0 | 5.00 | 94.00 | 99.00 | OK | |
| r-release-windows-x86_64 | 1.0 | 7.00 | 124.00 | 131.00 | OK | |
| r-oldrel-macos-arm64 | 1.0 | OK | ||||
| r-oldrel-macos-x86_64 | 1.0 | 4.00 | 73.00 | 77.00 | OK | |
| r-oldrel-windows-x86_64 | 1.0 | 11.00 | 125.00 | 136.00 | OK |
Version: 1.0
Check: CRAN incoming feasibility
Result: NOTE
Maintainer: ‘Joao Pinto <joao.pinto@tecnico.ulisboa.pt>’
No Authors@R field in DESCRIPTION.
Please add one, modifying
Authors@R: c(person(given = "Joao",
family = "Pinto",
role = c("aut", "cre"),
email = "joao.pinto@tecnico.ulisboa.pt"),
person(given = "Andre",
family = "Verissimo",
role = "aut",
email = "andre.verissimo@tecnico.ulisboa.pt"),
person(given = "Alexandra",
family = "Carvalho",
role = "aut",
email = "alexandra.carvalho@tecnico.ulisboa.pt"),
person(given = "Susana",
family = "Vinga",
role = "aut",
email = "susanavinga@tecnico.ulisboa.pt"))
as necessary.
Flavors: r-devel-linux-x86_64-debian-clang, r-devel-linux-x86_64-debian-gcc
These binaries (installable software) and packages are in development.
They may not be fully stable and should be used with caution. We make no claims about them.