CRAN Package Check Results for Package survBootOutliers

Last updated on 2025-07-26 07:50:36 CEST.

Flavor Version Tinstall Tcheck Ttotal Status Flags
r-devel-linux-x86_64-debian-clang 1.0 6.27 97.70 103.97 NOTE
r-devel-linux-x86_64-debian-gcc 1.0 5.00 67.41 72.41 NOTE
r-devel-linux-x86_64-fedora-clang 1.0 152.83 OK
r-devel-linux-x86_64-fedora-gcc 1.0 164.27 OK
r-devel-windows-x86_64 1.0 7.00 115.00 122.00 OK
r-patched-linux-x86_64 1.0 6.43 91.63 98.06 OK
r-release-linux-x86_64 1.0 6.41 90.89 97.30 OK
r-release-macos-arm64 1.0 58.00 OK
r-release-macos-x86_64 1.0 99.00 OK
r-release-windows-x86_64 1.0 7.00 120.00 127.00 OK
r-oldrel-macos-arm64 1.0 49.00 OK
r-oldrel-macos-x86_64 1.0 77.00 OK
r-oldrel-windows-x86_64 1.0 9.00 121.00 130.00 OK

Check Details

Version: 1.0
Check: CRAN incoming feasibility
Result: NOTE Maintainer: ‘Joao Pinto <joao.pinto@tecnico.ulisboa.pt>’ No Authors@R field in DESCRIPTION. Please add one, modifying Authors@R: c(person(given = "Joao", family = "Pinto", role = c("aut", "cre"), email = "joao.pinto@tecnico.ulisboa.pt"), person(given = "Andre", family = "Verissimo", role = "aut", email = "andre.verissimo@tecnico.ulisboa.pt"), person(given = "Alexandra", family = "Carvalho", role = "aut", email = "alexandra.carvalho@tecnico.ulisboa.pt"), person(given = "Susana", family = "Vinga", role = "aut", email = "susanavinga@tecnico.ulisboa.pt")) as necessary. Flavors: r-devel-linux-x86_64-debian-clang, r-devel-linux-x86_64-debian-gcc

These binaries (installable software) and packages are in development.
They may not be fully stable and should be used with caution. We make no claims about them.