Last updated on 2025-11-11 17:50:15 CET.
| Flavor | Version | Tinstall | Tcheck | Ttotal | Status | Flags |
|---|---|---|---|---|---|---|
| r-devel-linux-x86_64-debian-clang | 1.0-3 | 5.87 | 62.77 | 68.64 | NOTE | |
| r-devel-linux-x86_64-debian-gcc | 1.0-3 | 5.33 | 46.59 | 51.92 | NOTE | |
| r-devel-linux-x86_64-fedora-clang | 1.0-3 | 16.00 | 87.82 | 103.82 | OK | |
| r-devel-linux-x86_64-fedora-gcc | 1.0-3 | 15.00 | 85.54 | 100.54 | OK | |
| r-devel-windows-x86_64 | 1.0-3 | 10.00 | 74.00 | 84.00 | OK | |
| r-patched-linux-x86_64 | 1.0-3 | 7.37 | 61.27 | 68.64 | OK | |
| r-release-linux-x86_64 | 1.0-3 | 6.87 | 61.44 | 68.31 | OK | |
| r-release-macos-arm64 | 1.0-3 | 6.00 | 33.00 | 39.00 | OK | |
| r-release-macos-x86_64 | 1.0-3 | 9.00 | 58.00 | 67.00 | OK | |
| r-release-windows-x86_64 | 1.0-3 | 10.00 | 73.00 | 83.00 | OK | |
| r-oldrel-macos-arm64 | 1.0-3 | 4.00 | 30.00 | 34.00 | OK | |
| r-oldrel-macos-x86_64 | 1.0-3 | 18.00 | 62.00 | 80.00 | OK | |
| r-oldrel-windows-x86_64 | 1.0-3 | 12.00 | 90.00 | 102.00 | OK |
Version: 1.0-3
Check: CRAN incoming feasibility
Result: NOTE
Maintainer: ‘Hajime Uno <huno@jimmy.harvard.edu>’
No Authors@R field in DESCRIPTION.
Please add one, modifying
Authors@R: person(given = "Hajime",
family = "Uno",
role = c("aut", "cre"),
email = "huno@jimmy.harvard.edu")
as necessary.
Flavors: r-devel-linux-x86_64-debian-clang, r-devel-linux-x86_64-debian-gcc
These binaries (installable software) and packages are in development.
They may not be fully stable and should be used with caution. We make no claims about them.