CRAN Package Check Results for Package survCurve

Last updated on 2025-07-02 01:51:53 CEST.

Flavor Version Tinstall Tcheck Ttotal Status Flags
r-devel-linux-x86_64-debian-clang 1.0 2.12 28.57 30.69 OK
r-devel-linux-x86_64-debian-gcc 1.0 1.65 22.90 24.55 OK
r-devel-linux-x86_64-fedora-clang 1.0 45.93 NOTE
r-devel-linux-x86_64-fedora-gcc 1.0 57.65 NOTE
r-devel-windows-x86_64 1.0 3.00 50.00 53.00 OK
r-patched-linux-x86_64 OK
r-release-linux-x86_64 1.0 1.94 26.95 28.89 OK
r-release-macos-arm64 1.0 31.00 OK
r-release-macos-x86_64 1.0 42.00 OK
r-release-windows-x86_64 1.0 3.00 48.00 51.00 OK
r-oldrel-macos-arm64 1.0 23.00 NOTE
r-oldrel-macos-x86_64 1.0 35.00 NOTE
r-oldrel-windows-x86_64 1.0 4.00 56.00 60.00 NOTE

Check Details

Version: 1.0
Check: dependencies in R code
Result: NOTE Namespace in Imports field not imported from: ‘survival’ All declared Imports should be used. Flavors: r-devel-linux-x86_64-fedora-clang, r-devel-linux-x86_64-fedora-gcc

Version: 1.0
Check: LazyData
Result: NOTE 'LazyData' is specified without a 'data' directory Flavors: r-oldrel-macos-arm64, r-oldrel-macos-x86_64, r-oldrel-windows-x86_64

These binaries (installable software) and packages are in development.
They may not be fully stable and should be used with caution. We make no claims about them.