CRAN Package Check Results for Package survELtest

Last updated on 2025-11-13 01:50:36 CET.

Flavor Version Tinstall Tcheck Ttotal Status Flags
r-devel-linux-x86_64-debian-clang 2.0.1 8.75 82.26 91.01 NOTE
r-devel-linux-x86_64-debian-gcc 2.0.1 6.02 62.99 69.01 NOTE
r-devel-linux-x86_64-fedora-clang 2.0.1 18.00 115.73 133.73 OK
r-devel-linux-x86_64-fedora-gcc 2.0.1 16.00 116.48 132.48 OK
r-devel-windows-x86_64 2.0.1 10.00 96.00 106.00 OK
r-patched-linux-x86_64 2.0.1 7.72 79.45 87.17 OK
r-release-linux-x86_64 2.0.1 7.41 79.96 87.37 OK
r-release-macos-arm64 2.0.1 4.00 37.00 41.00 OK
r-release-macos-x86_64 2.0.1 7.00 66.00 73.00 OK
r-release-windows-x86_64 2.0.1 11.00 94.00 105.00 OK
r-oldrel-macos-arm64 2.0.1 4.00 38.00 42.00 OK
r-oldrel-macos-x86_64 2.0.1 6.00 62.00 68.00 OK
r-oldrel-windows-x86_64 2.0.1 12.00 119.00 131.00 OK

Check Details

Version: 2.0.1
Check: CRAN incoming feasibility
Result: NOTE Maintainer: ‘Guo-You Lan <jj6020770416jj@gmail.com>’ No Authors@R field in DESCRIPTION. Please add one, modifying Authors@R: person(given = "Hsin-wen", family = "Chang", role = c("aut", "cre"), email = "hwchang@stat.sinica.edu.tw") as necessary. Flavors: r-devel-linux-x86_64-debian-clang, r-devel-linux-x86_64-debian-gcc

These binaries (installable software) and packages are in development.
They may not be fully stable and should be used with caution. We make no claims about them.