Last updated on 2025-10-23 11:50:30 CEST.
Flavor | Version | Tinstall | Tcheck | Ttotal | Status | Flags |
---|---|---|---|---|---|---|
r-devel-linux-x86_64-debian-clang | 2.0.5 | 17.66 | 189.31 | 206.97 | OK | |
r-devel-linux-x86_64-debian-gcc | 2.0.5 | 15.16 | 126.05 | 141.21 | OK | |
r-devel-linux-x86_64-fedora-clang | 2.0.5 | 98.00 | 246.75 | 344.75 | OK | |
r-devel-linux-x86_64-fedora-gcc | 2.0.5 | 42.00 | 258.58 | 300.58 | OK | |
r-devel-windows-x86_64 | 2.0.5 | 20.00 | 172.00 | 192.00 | OK | |
r-patched-linux-x86_64 | 2.0.5 | 16.37 | 174.46 | 190.83 | OK | |
r-release-linux-x86_64 | 2.0.5 | 18.82 | 177.19 | 196.01 | OK | |
r-release-macos-arm64 | 2.0.5 | 8.00 | 71.00 | 79.00 | OK | |
r-release-macos-x86_64 | 2.0.5 | 13.00 | 127.00 | 140.00 | OK | |
r-release-windows-x86_64 | 2.0.5 | 23.00 | 169.00 | 192.00 | OK | |
r-oldrel-macos-arm64 | 2.0.5 | 7.00 | 73.00 | 80.00 | NOTE | |
r-oldrel-macos-x86_64 | 2.0.5 | 15.00 | 129.00 | 144.00 | NOTE | |
r-oldrel-windows-x86_64 | 2.0.5 | 27.00 | 222.00 | 249.00 | NOTE |
Version: 2.0.5
Check: package dependencies
Result: NOTE
Packages suggested but not available for checking:
'survHEinla', 'survHEhmc', 'INLA'
Flavors: r-oldrel-macos-arm64, r-oldrel-macos-x86_64
Version: 2.0.5
Check: package dependencies
Result: NOTE
Packages suggested but not available for checking:
'survHEinla', 'survHEhmc'
Flavor: r-oldrel-windows-x86_64
These binaries (installable software) and packages are in development.
They may not be fully stable and should be used with caution. We make no claims about them.