Last updated on 2025-07-26 00:49:19 CEST.
Flavor | Version | Tinstall | Tcheck | Ttotal | Status | Flags |
---|---|---|---|---|---|---|
r-devel-linux-x86_64-debian-clang | 2.0.5 | 17.37 | 177.40 | 194.77 | OK | |
r-devel-linux-x86_64-debian-gcc | 2.0.5 | 12.33 | 118.60 | 130.93 | OK | |
r-devel-linux-x86_64-fedora-clang | 2.0.5 | 302.20 | OK | |||
r-devel-linux-x86_64-fedora-gcc | 2.0.5 | 290.80 | OK | |||
r-devel-windows-x86_64 | 2.0.5 | 19.00 | 159.00 | 178.00 | OK | |
r-patched-linux-x86_64 | 2.0.5 | 15.16 | 163.87 | 179.03 | OK | |
r-release-linux-x86_64 | 2.0.5 | 16.03 | 164.98 | 181.01 | OK | |
r-release-macos-arm64 | 2.0.5 | 79.00 | OK | |||
r-release-macos-x86_64 | 2.0.5 | 140.00 | OK | |||
r-release-windows-x86_64 | 2.0.5 | 17.00 | 162.00 | 179.00 | OK | |
r-oldrel-macos-arm64 | 2.0.5 | 80.00 | NOTE | |||
r-oldrel-macos-x86_64 | 2.0.5 | 144.00 | NOTE | |||
r-oldrel-windows-x86_64 | 2.0.5 | 24.00 | 215.00 | 239.00 | NOTE |
Version: 2.0.5
Check: package dependencies
Result: NOTE
Packages suggested but not available for checking:
'survHEinla', 'survHEhmc', 'INLA'
Flavors: r-oldrel-macos-arm64, r-oldrel-macos-x86_64
Version: 2.0.5
Check: package dependencies
Result: NOTE
Packages suggested but not available for checking:
'survHEinla', 'survHEhmc'
Flavor: r-oldrel-windows-x86_64
These binaries (installable software) and packages are in development.
They may not be fully stable and should be used with caution. We make no claims about them.