Last updated on 2025-07-27 01:48:37 CEST.
Flavor | Version | Tinstall | Tcheck | Ttotal | Status | Flags |
---|---|---|---|---|---|---|
r-devel-linux-x86_64-debian-clang | 1.1-2 | 7.66 | 58.05 | 65.71 | NOTE | |
r-devel-linux-x86_64-debian-gcc | 1.1-2 | 5.18 | 43.76 | 48.94 | NOTE | |
r-devel-linux-x86_64-fedora-clang | 1.1-2 | 97.79 | OK | |||
r-devel-linux-x86_64-fedora-gcc | 1.1-2 | 91.29 | OK | |||
r-devel-windows-x86_64 | 1.1-2 | 10.00 | 87.00 | 97.00 | OK | |
r-patched-linux-x86_64 | 1.1-2 | 7.13 | 54.47 | 61.60 | OK | |
r-release-linux-x86_64 | 1.1-2 | 6.86 | 54.52 | 61.38 | OK | |
r-release-macos-arm64 | 1.1-2 | 38.00 | OK | |||
r-release-macos-x86_64 | 1.1-2 | 113.00 | OK | |||
r-release-windows-x86_64 | 1.1-2 | 9.00 | 77.00 | 86.00 | OK | |
r-oldrel-macos-arm64 | 1.1-2 | 34.00 | OK | |||
r-oldrel-macos-x86_64 | 1.1-2 | 58.00 | OK | |||
r-oldrel-windows-x86_64 | 1.1-2 | 13.00 | 87.00 | 100.00 | OK |
Version: 1.1-2
Check: CRAN incoming feasibility
Result: NOTE
Maintainer: ‘Hajime Uno <huno@jimmy.harvard.edu>’
No Authors@R field in DESCRIPTION.
Please add one, modifying
Authors@R: c(person(given = "Hajime",
family = "Uno",
role = c("aut", "cre"),
email = "huno@jimmy.harvard.edu"),
person(given = "Tianxi",
family = "Cai",
role = "aut"))
as necessary.
Flavors: r-devel-linux-x86_64-debian-clang, r-devel-linux-x86_64-debian-gcc
These binaries (installable software) and packages are in development.
They may not be fully stable and should be used with caution. We make no claims about them.