Last updated on 2025-11-12 18:50:48 CET.
| Flavor | Version | Tinstall | Tcheck | Ttotal | Status | Flags |
|---|---|---|---|---|---|---|
| r-devel-linux-x86_64-debian-clang | 0.5.6 | 12.04 | 127.21 | 139.25 | NOTE | |
| r-devel-linux-x86_64-debian-gcc | 0.5.6 | 8.10 | 89.71 | 97.81 | NOTE | |
| r-devel-linux-x86_64-fedora-clang | 0.5.6 | 27.00 | 176.46 | 203.46 | NOTE | |
| r-devel-linux-x86_64-fedora-gcc | 0.5.6 | 24.00 | 182.45 | 206.45 | NOTE | |
| r-devel-windows-x86_64 | 0.5.6 | 14.00 | 133.00 | 147.00 | NOTE | |
| r-patched-linux-x86_64 | 0.5.6 | 10.52 | 114.66 | 125.18 | NOTE | |
| r-release-linux-x86_64 | 0.5.6 | 11.32 | 114.33 | 125.65 | NOTE | |
| r-release-macos-arm64 | 0.5.6 | 7.00 | 66.00 | 73.00 | NOTE | |
| r-release-macos-x86_64 | 0.5.6 | 10.00 | 101.00 | 111.00 | NOTE | |
| r-release-windows-x86_64 | 0.5.6 | 13.00 | 130.00 | 143.00 | NOTE | |
| r-oldrel-macos-arm64 | 0.5.6 | 5.00 | 52.00 | 57.00 | NOTE | |
| r-oldrel-macos-x86_64 | 0.5.6 | 11.00 | 121.00 | 132.00 | NOTE | |
| r-oldrel-windows-x86_64 | 0.5.6 | 20.00 | 163.00 | 183.00 | NOTE |
Version: 0.5.6
Check: CRAN incoming feasibility
Result: NOTE
Maintainer: ‘Chris Dardis <christopherdardis@gmail.com>’
No Authors@R field in DESCRIPTION.
Please add one, modifying
Authors@R: person(given = "Chris",
family = "Dardis",
role = c("aut", "cre"),
email = "christopherdardis@gmail.com")
as necessary.
Flavors: r-devel-linux-x86_64-debian-clang, r-devel-linux-x86_64-debian-gcc
Version: 0.5.6
Check: Rd files
Result: NOTE
checkRd: (-1) sf.Rd:66: Lost braces; missing escapes or markup?
66 | A {data.table} which is stored as an attribute of
| ^
Flavors: r-devel-linux-x86_64-debian-clang, r-devel-linux-x86_64-debian-gcc, r-devel-linux-x86_64-fedora-clang, r-devel-linux-x86_64-fedora-gcc, r-devel-windows-x86_64, r-patched-linux-x86_64, r-release-linux-x86_64, r-release-macos-arm64, r-release-macos-x86_64, r-release-windows-x86_64, r-oldrel-macos-arm64, r-oldrel-macos-x86_64, r-oldrel-windows-x86_64
These binaries (installable software) and packages are in development.
They may not be fully stable and should be used with caution. We make no claims about them.