Last updated on 2025-05-01 15:49:46 CEST.
Flavor | Version | Tinstall | Tcheck | Ttotal | Status | Flags |
---|---|---|---|---|---|---|
r-devel-linux-x86_64-debian-clang | 0.5.6 | 11.81 | 115.13 | 126.94 | NOTE | |
r-devel-linux-x86_64-debian-gcc | 0.5.6 | 7.81 | 83.03 | 90.84 | NOTE | |
r-devel-linux-x86_64-fedora-clang | 0.5.6 | 190.86 | NOTE | |||
r-devel-linux-x86_64-fedora-gcc | 0.5.6 | 187.12 | NOTE | |||
r-devel-windows-x86_64 | 0.5.6 | 12.00 | 134.00 | 146.00 | NOTE | |
r-patched-linux-x86_64 | 0.5.6 | 13.20 | 104.60 | 117.80 | NOTE | |
r-release-linux-x86_64 | NOTE | |||||
r-release-macos-arm64 | 0.5.6 | 73.00 | NOTE | |||
r-release-macos-x86_64 | 0.5.6 | 111.00 | NOTE | |||
r-release-windows-x86_64 | 0.5.6 | 15.00 | 141.00 | 156.00 | NOTE | |
r-oldrel-macos-arm64 | 0.5.6 | 57.00 | NOTE | |||
r-oldrel-macos-x86_64 | 0.5.6 | 132.00 | NOTE | |||
r-oldrel-windows-x86_64 | 0.5.6 | 16.00 | 158.00 | 174.00 | NOTE |
Version: 0.5.6
Check: CRAN incoming feasibility
Result: NOTE
Maintainer: ‘Chris Dardis <christopherdardis@gmail.com>’
No Authors@R field in DESCRIPTION.
Please add one, modifying
Authors@R: person(given = "Chris",
family = "Dardis",
role = c("aut", "cre"),
email = "christopherdardis@gmail.com")
as necessary.
Flavors: r-devel-linux-x86_64-debian-clang, r-devel-linux-x86_64-debian-gcc
Version: 0.5.6
Check: Rd files
Result: NOTE
checkRd: (-1) sf.Rd:66: Lost braces; missing escapes or markup?
66 | A {data.table} which is stored as an attribute of
| ^
Flavors: r-devel-linux-x86_64-debian-clang, r-devel-linux-x86_64-debian-gcc, r-devel-linux-x86_64-fedora-clang, r-devel-linux-x86_64-fedora-gcc, r-devel-windows-x86_64, r-patched-linux-x86_64, r-release-linux-x86_64, r-release-macos-arm64, r-release-macos-x86_64, r-release-windows-x86_64, r-oldrel-macos-arm64, r-oldrel-macos-x86_64, r-oldrel-windows-x86_64
Version: 0.5.6
Check: examples
Result: NOTE
Examples with CPU time > 2.5 times elapsed time
user system elapsed ratio
cutp 2.192 0.112 0.871 2.645
Flavor: r-devel-linux-x86_64-debian-clang
These binaries (installable software) and packages are in development.
They may not be fully stable and should be used with caution. We make no claims about them.