Last updated on 2024-07-27 15:50:35 CEST.
Flavor | Version | Tinstall | Tcheck | Ttotal | Status | Flags |
---|---|---|---|---|---|---|
r-devel-linux-x86_64-debian-clang | 1.6.0 | 53.93 | 131.33 | 185.26 | OK | --no-vignettes |
r-devel-linux-x86_64-debian-gcc | 1.6.0 | OK | --no-vignettes | |||
r-devel-linux-x86_64-fedora-clang | 1.6.0 | 554.72 | OK | |||
r-devel-linux-x86_64-fedora-gcc | 1.6.0 | 590.07 | OK | |||
r-devel-windows-x86_64 | 1.6.0 | 38.00 | 393.00 | 431.00 | OK | |
r-patched-linux-x86_64 | 1.6.0 | OK | --no-vignettes | |||
r-release-linux-x86_64 | 1.6.0 | 42.87 | 136.42 | 179.29 | OK | --no-vignettes |
r-release-macos-arm64 | 1.6.0 | 157.00 | NOTE | |||
r-release-macos-x86_64 | 1.6.0 | 296.00 | NOTE | |||
r-release-windows-x86_64 | 1.6.0 | 39.00 | 388.00 | 427.00 | OK | |
r-oldrel-macos-arm64 | 1.6.0 | 212.00 | NOTE | |||
r-oldrel-macos-x86_64 | 1.6.0 | 438.00 | NOTE | |||
r-oldrel-windows-x86_64 | 1.6.0 | 45.00 | 458.00 | 503.00 | OK |
Version: 1.6.0
Check: installed package size
Result: NOTE
installed size is 23.3Mb
sub-directories of 1Mb or more:
doc 1.5Mb
libs 21.4Mb
Flavors: r-release-macos-arm64, r-release-macos-x86_64, r-oldrel-macos-arm64, r-oldrel-macos-x86_64
These binaries (installable software) and packages are in development.
They may not be fully stable and should be used with caution. We make no claims about them.