CRAN Package Check Results for Package survPen

Last updated on 2025-07-25 01:49:41 CEST.

Flavor Version Tinstall Tcheck Ttotal Status Flags
r-devel-linux-x86_64-debian-clang 2.0.2 47.10 109.30 156.40 OK --no-vignettes
r-devel-linux-x86_64-debian-gcc 2.0.2 37.98 73.13 111.11 OK --no-vignettes
r-devel-linux-x86_64-fedora-clang 2.0.2 482.48 OK
r-devel-linux-x86_64-fedora-gcc 2.0.2 535.72 OK
r-devel-windows-x86_64 2.0.2 45.00 354.00 399.00 OK
r-patched-linux-x86_64 2.0.2 49.53 109.65 159.18 OK --no-vignettes
r-release-linux-x86_64 2.0.2 46.43 109.81 156.24 OK --no-vignettes
r-release-macos-arm64 2.0.2 130.00 OK
r-release-macos-x86_64 2.0.2 315.00 OK
r-release-windows-x86_64 2.0.2 41.00 328.00 369.00 OK
r-oldrel-macos-arm64 2.0.2 131.00 NOTE
r-oldrel-macos-x86_64 2.0.2 315.00 NOTE
r-oldrel-windows-x86_64 2.0.2 53.00 433.00 486.00 OK

Check Details

Version: 2.0.2
Check: installed package size
Result: NOTE installed size is 31.0Mb sub-directories of 1Mb or more: doc 1.5Mb libs 28.9Mb Flavors: r-oldrel-macos-arm64, r-oldrel-macos-x86_64

These binaries (installable software) and packages are in development.
They may not be fully stable and should be used with caution. We make no claims about them.