Last updated on 2024-07-27 15:50:35 CEST.
Flavor | Version | Tinstall | Tcheck | Ttotal | Status | Flags |
---|---|---|---|---|---|---|
r-devel-linux-x86_64-debian-clang | 0.26 | 16.91 | 157.90 | 174.81 | OK | |
r-devel-linux-x86_64-debian-gcc | 0.26 | OK | ||||
r-devel-linux-x86_64-fedora-clang | 0.26 | 225.84 | OK | |||
r-devel-linux-x86_64-fedora-gcc | 0.26 | 220.72 | OK | |||
r-devel-windows-x86_64 | 0.26 | 17.00 | 150.00 | 167.00 | OK | |
r-patched-linux-x86_64 | 0.26 | OK | ||||
r-release-linux-x86_64 | 0.26 | 17.04 | 151.16 | 168.20 | OK | |
r-release-macos-arm64 | 0.26 | 73.00 | OK | |||
r-release-macos-x86_64 | 0.26 | 104.00 | WARN | |||
r-release-windows-x86_64 | 0.26 | 18.00 | 152.00 | 170.00 | OK | |
r-oldrel-macos-arm64 | 0.26 | 74.00 | OK | |||
r-oldrel-macos-x86_64 | 0.26 | 123.00 | OK | |||
r-oldrel-windows-x86_64 | 0.26 | 20.00 | 183.00 | 203.00 | OK |
Version: 0.26
Check: re-building of vignette outputs
Result: WARN
Error(s) in re-building vignettes:
...
--- re-building ‘survSNP.Rnw’ using knitr
Error: processing vignette 'survSNP.Rnw' failed with diagnostics:
Running 'texi2dvi' on 'survSNP.tex' failed.
LaTeX errors:
! Undefined control sequence.
l.76 \hlkwd{library}\hldef
{(survSNP)}
?
! Emergency stop.
! Emergency stop.
l.76
End of file on the terminal!
! ==> Fatal error occurred, no output PDF file produced!
--- failed re-building ‘survSNP.Rnw’
SUMMARY: processing the following file failed:
‘survSNP.Rnw’
Error: Vignette re-building failed.
Execution halted
Flavor: r-release-macos-x86_64
These binaries (installable software) and packages are in development.
They may not be fully stable and should be used with caution. We make no claims about them.