Last updated on 2025-05-01 12:49:42 CEST.
Flavor | Version | Tinstall | Tcheck | Ttotal | Status | Flags |
---|---|---|---|---|---|---|
r-devel-linux-x86_64-debian-clang | 1.1.0 | 11.67 | 101.62 | 113.29 | NOTE | |
r-devel-linux-x86_64-debian-gcc | 1.1.0 | 9.14 | 73.09 | 82.23 | NOTE | |
r-devel-linux-x86_64-fedora-clang | 1.1.0 | 165.43 | OK | |||
r-devel-linux-x86_64-fedora-gcc | 1.1.0 | 153.29 | OK | |||
r-devel-windows-x86_64 | 1.1.0 | 14.00 | 100.00 | 114.00 | OK | |
r-patched-linux-x86_64 | 1.1.0 | 11.72 | 91.73 | 103.45 | OK | |
r-release-linux-x86_64 | OK | |||||
r-release-macos-arm64 | 1.1.0 | 44.00 | OK | |||
r-release-macos-x86_64 | 1.1.0 | 91.00 | OK | |||
r-release-windows-x86_64 | 1.1.0 | 14.00 | 100.00 | 114.00 | OK | |
r-oldrel-macos-arm64 | 1.1.0 | 45.00 | OK | |||
r-oldrel-macos-x86_64 | 1.1.0 | 79.00 | OK | |||
r-oldrel-windows-x86_64 | 1.1.0 | 16.00 | 129.00 | 145.00 | OK |
Version: 1.1.0
Check: CRAN incoming feasibility
Result: NOTE
Maintainer: ‘Rong Huang <roh019@ucsd.edu>’
No Authors@R field in DESCRIPTION.
Please add one, modifying
Authors@R: c(person(given = "Rong",
family = "Huang",
role = c("aut", "cre"),
email = "roh019@ucsd.edu"),
person(given = "Ronghui",
family = "Xu",
role = "aut",
comment = "Lily"))
as necessary.
Flavors: r-devel-linux-x86_64-debian-clang, r-devel-linux-x86_64-debian-gcc
Version: 1.1.0
Check: examples
Result: NOTE
Examples with CPU (user + system) or elapsed time > 5s
user system elapsed
comprSensitivity 5.935 0.175 8.073
Flavor: r-devel-linux-x86_64-debian-clang
These binaries (installable software) and packages are in development.
They may not be fully stable and should be used with caution. We make no claims about them.