Last updated on 2025-07-22 19:52:02 CEST.
Flavor | Version | Tinstall | Tcheck | Ttotal | Status | Flags |
---|---|---|---|---|---|---|
r-devel-linux-x86_64-debian-clang | 0.3.0 | 248.37 | 263.58 | 511.95 | OK | |
r-devel-linux-x86_64-debian-gcc | 0.3.0 | 229.99 | 198.21 | 428.20 | OK | |
r-devel-linux-x86_64-fedora-clang | 0.3.0 | 780.82 | NOTE | |||
r-devel-linux-x86_64-fedora-gcc | 0.3.0 | 940.02 | NOTE | |||
r-devel-windows-x86_64 | 0.3.0 | 276.00 | 318.00 | 594.00 | OK | |
r-patched-linux-x86_64 | 0.3.0 | 295.78 | 276.57 | 572.35 | OK | |
r-release-linux-x86_64 | 0.3.0 | 302.02 | 273.91 | 575.93 | OK | |
r-release-macos-arm64 | 0.3.0 | 196.00 | OK | |||
r-release-macos-x86_64 | 0.3.0 | 335.00 | OK | |||
r-release-windows-x86_64 | 0.3.0 | 274.00 | 325.00 | 599.00 | OK | |
r-oldrel-macos-arm64 | 0.3.0 | 114.00 | NOTE | |||
r-oldrel-macos-x86_64 | 0.3.0 | 179.00 | NOTE | |||
r-oldrel-windows-x86_64 | 0.3.0 | 307.00 | 387.00 | 694.00 | NOTE |
Version: 0.3.0
Check: dependencies in R code
Result: NOTE
Namespaces in Imports field not imported from:
‘RcppParallel’ ‘rstantools’
All declared Imports should be used.
Flavors: r-devel-linux-x86_64-fedora-clang, r-devel-linux-x86_64-fedora-gcc
Version: 0.3.0
Check: installed package size
Result: NOTE
installed size is 63.5Mb
sub-directories of 1Mb or more:
libs 62.3Mb
Flavors: r-oldrel-macos-arm64, r-oldrel-macos-x86_64
Version: 0.3.0
Check: for GNU extensions in Makefiles
Result: NOTE
GNU make is a SystemRequirements.
Flavors: r-oldrel-macos-arm64, r-oldrel-macos-x86_64, r-oldrel-windows-x86_64
These binaries (installable software) and packages are in development.
They may not be fully stable and should be used with caution. We make no claims about them.