CRAN Package Check Results for Package surveil

Last updated on 2025-05-01 08:52:47 CEST.

Flavor Version Tinstall Tcheck Ttotal Status Flags
r-devel-linux-x86_64-debian-clang 0.3.0 237.14 261.96 499.10 NOTE
r-devel-linux-x86_64-debian-gcc 0.3.0 216.95 208.53 425.48 OK
r-devel-linux-x86_64-fedora-clang 0.3.0 858.00 NOTE
r-devel-linux-x86_64-fedora-gcc 0.3.0 996.82 NOTE
r-devel-windows-x86_64 0.3.0 264.00 315.00 579.00 OK
r-patched-linux-x86_64 0.3.0 292.99 273.62 566.61 OK
r-release-linux-x86_64 OK
r-release-macos-arm64 0.3.0 196.00 OK
r-release-macos-x86_64 0.3.0 335.00 OK
r-release-windows-x86_64 0.3.0 273.00 316.00 589.00 OK
r-oldrel-macos-arm64 0.3.0 114.00 NOTE
r-oldrel-macos-x86_64 0.3.0 179.00 NOTE
r-oldrel-windows-x86_64 0.3.0 303.00 397.00 700.00 NOTE

Check Details

Version: 0.3.0
Check: examples
Result: NOTE Examples with CPU (user + system) or elapsed time > 5s user system elapsed apc 6.292 0.078 8.151 plot.surveil 4.114 0.036 6.038 standardize 4.061 0.057 5.706 Flavor: r-devel-linux-x86_64-debian-clang

Version: 0.3.0
Check: examples
Result: NA user system elapsed apc 4.254 0.122 6.648 OK Flavor: r-devel-linux-x86_64-debian-gcc

Version: 0.3.0
Check: dependencies in R code
Result: NOTE Namespaces in Imports field not imported from: ‘RcppParallel’ ‘rstantools’ All declared Imports should be used. Flavors: r-devel-linux-x86_64-fedora-clang, r-devel-linux-x86_64-fedora-gcc

Version: 0.3.0
Check: installed package size
Result: NOTE installed size is 63.5Mb sub-directories of 1Mb or more: libs 62.3Mb Flavors: r-oldrel-macos-arm64, r-oldrel-macos-x86_64

Version: 0.3.0
Check: for GNU extensions in Makefiles
Result: NOTE GNU make is a SystemRequirements. Flavors: r-oldrel-macos-arm64, r-oldrel-macos-x86_64, r-oldrel-windows-x86_64

These binaries (installable software) and packages are in development.
They may not be fully stable and should be used with caution. We make no claims about them.