Last updated on 2024-07-27 15:50:35 CEST.
Flavor | Version | Tinstall | Tcheck | Ttotal | Status | Flags |
---|---|---|---|---|---|---|
r-devel-linux-x86_64-debian-clang | 1.23.0 | 64.89 | 575.07 | 639.96 | NOTE | |
r-devel-linux-x86_64-debian-gcc | 1.23.0 | NOTE | ||||
r-devel-linux-x86_64-fedora-clang | 1.23.0 | 822.14 | NOTE | |||
r-devel-linux-x86_64-fedora-gcc | 1.23.0 | 813.96 | OK | |||
r-devel-windows-x86_64 | 1.23.0 | 60.00 | 437.00 | 497.00 | NOTE | --no-vignettes |
r-patched-linux-x86_64 | 1.23.0 | NOTE | ||||
r-release-linux-x86_64 | 1.23.0 | 57.76 | 537.91 | 595.67 | NOTE | |
r-release-macos-arm64 | 1.23.0 | 239.00 | NOTE | |||
r-release-macos-x86_64 | 1.23.0 | 357.00 | NOTE | |||
r-release-windows-x86_64 | 1.23.0 | 62.00 | 437.00 | 499.00 | NOTE | --no-vignettes |
r-oldrel-macos-arm64 | 1.23.0 | 241.00 | NOTE | |||
r-oldrel-macos-x86_64 | 1.23.0 | 557.00 | NOTE | |||
r-oldrel-windows-x86_64 | 1.23.0 | 74.00 | 426.00 | 500.00 | NOTE | --no-vignettes |
Version: 1.23.0
Check: package dependencies
Result: NOTE
Package suggested but not available for checking: ‘INLA’
Flavors: r-devel-linux-x86_64-debian-clang, r-devel-linux-x86_64-debian-gcc, r-patched-linux-x86_64, r-release-linux-x86_64, r-release-macos-arm64, r-release-macos-x86_64, r-oldrel-macos-arm64, r-oldrel-macos-x86_64
Version: 1.23.0
Check: Rd cross-references
Result: NOTE
Found the following Rd file(s) with Rd \link{} targets missing package
anchors:
epidata.Rd: Matrix-class
knox.Rd: truehist
permutationTest.Rd: truehist
twinstim_epitest.Rd: truehist
Please provide package anchors for all Rd \link{} targets not in the
package itself and the base packages.
Flavor: r-devel-linux-x86_64-debian-gcc
Version: 1.23.0
Check: installed package size
Result: NOTE
installed size is 6.8Mb
sub-directories of 1Mb or more:
R 1.7Mb
doc 2.3Mb
help 1.0Mb
Flavors: r-devel-linux-x86_64-fedora-clang, r-release-macos-arm64, r-release-macos-x86_64, r-oldrel-macos-arm64, r-oldrel-macos-x86_64
Version: 1.23.0
Flags: --no-vignettes
Check: installed package size
Result: NOTE
installed size is 7.5Mb
sub-directories of 1Mb or more:
R 1.7Mb
doc 2.3Mb
help 1.0Mb
libs 1.1Mb
Flavors: r-devel-windows-x86_64, r-release-windows-x86_64, r-oldrel-windows-x86_64
Version: 1.23.0
Flags: --no-vignettes
Check: Rd cross-references
Result: NOTE
Found the following Rd file(s) with Rd \link{} targets missing package
anchors:
epidata.Rd: Matrix-class
knox.Rd: truehist
permutationTest.Rd: truehist
twinstim_epitest.Rd: truehist
Please provide package anchors for all Rd \link{} targets not in the
package itself and the base packages.
Flavor: r-devel-windows-x86_64
Version: 1.23.0
Flags: --no-vignettes
Check: package dependencies
Result: NOTE
Package suggested but not available for checking: 'INLA'
Flavor: r-oldrel-windows-x86_64
These binaries (installable software) and packages are in development.
They may not be fully stable and should be used with caution. We make no claims about them.