Last updated on 2025-10-03 01:50:05 CEST.
Flavor | Version | Tinstall | Tcheck | Ttotal | Status | Flags |
---|---|---|---|---|---|---|
r-devel-linux-x86_64-debian-clang | 1.25.0 | 41.03 | 470.14 | 511.17 | OK | |
r-devel-linux-x86_64-debian-gcc | 1.25.0 | 25.70 | 316.60 | 342.30 | OK | |
r-devel-linux-x86_64-fedora-clang | 1.25.0 | 802.07 | OK | |||
r-devel-linux-x86_64-fedora-gcc | 1.25.0 | 787.60 | OK | |||
r-devel-windows-x86_64 | 1.25.0 | 49.00 | 384.00 | 433.00 | OK | --no-vignettes |
r-patched-linux-x86_64 | 1.25.0 | 46.25 | 445.92 | 492.17 | OK | |
r-release-linux-x86_64 | 1.25.0 | 36.09 | 446.65 | 482.74 | OK | |
r-release-macos-arm64 | 1.25.0 | 221.00 | OK | |||
r-release-macos-x86_64 | 1.25.0 | 497.00 | OK | |||
r-release-windows-x86_64 | 1.25.0 | 45.00 | 334.00 | 379.00 | OK | --no-vignettes |
r-oldrel-macos-arm64 | 1.25.0 | 232.00 | NOTE | |||
r-oldrel-macos-x86_64 | 1.25.0 | 490.00 | NOTE | |||
r-oldrel-windows-x86_64 | 1.25.0 | 60.00 | 366.00 | 426.00 | NOTE | --no-vignettes |
Version: 1.25.0
Check: package dependencies
Result: NOTE
Package suggested but not available for checking: ‘INLA’
Flavors: r-oldrel-macos-arm64, r-oldrel-macos-x86_64
Version: 1.25.0
Check: installed package size
Result: NOTE
installed size is 6.9Mb
sub-directories of 1Mb or more:
R 2.1Mb
doc 2.2Mb
Flavors: r-oldrel-macos-arm64, r-oldrel-macos-x86_64
Version: 1.25.0
Flags: --no-vignettes
Check: installed package size
Result: NOTE
installed size is 6.4Mb
sub-directories of 1Mb or more:
R 1.7Mb
doc 2.2Mb
Flavor: r-oldrel-windows-x86_64
These binaries (installable software) and packages are in development.
They may not be fully stable and should be used with caution. We make no claims about them.