Last updated on 2025-02-16 08:51:02 CET.
Flavor | Version | Tinstall | Tcheck | Ttotal | Status | Flags |
---|---|---|---|---|---|---|
r-devel-linux-x86_64-debian-clang | 1.1 | 5.66 | 52.36 | 58.02 | NOTE | |
r-devel-linux-x86_64-debian-gcc | 1.1 | 4.50 | 39.34 | 43.84 | NOTE | |
r-devel-linux-x86_64-fedora-clang | 1.1 | 92.95 | OK | |||
r-devel-linux-x86_64-fedora-gcc | 1.1 | 88.44 | OK | |||
r-devel-macos-arm64 | 1.1 | 30.00 | OK | |||
r-devel-macos-x86_64 | 1.1 | 52.00 | OK | |||
r-devel-windows-x86_64 | 1.1 | 6.00 | 73.00 | 79.00 | NOTE | |
r-patched-linux-x86_64 | 1.1 | 5.37 | 49.31 | 54.68 | OK | |
r-release-linux-x86_64 | 1.1 | 5.86 | 48.49 | 54.35 | OK | |
r-release-macos-arm64 | 1.1 | 30.00 | OK | |||
r-release-macos-x86_64 | 1.1 | 43.00 | OK | |||
r-release-windows-x86_64 | 1.1 | 7.00 | 80.00 | 87.00 | OK | |
r-oldrel-macos-arm64 | 1.1 | 34.00 | OK | |||
r-oldrel-macos-x86_64 | 1.1 | 49.00 | OK | |||
r-oldrel-windows-x86_64 | 1.1 | 9.00 | 74.00 | 83.00 | OK |
Version: 1.1
Check: Rd cross-references
Result: NOTE
Found the following Rd file(s) with Rd \link{} targets missing package
anchors:
survexp_plot.Rd: plot.survfit
Please provide package anchors for all Rd \link{} targets not in the
package itself and the base packages.
Flavors: r-devel-linux-x86_64-debian-clang, r-devel-linux-x86_64-debian-gcc, r-devel-windows-x86_64
These binaries (installable software) and packages are in development.
They may not be fully stable and should be used with caution. We make no claims about them.