Last updated on 2025-02-16 08:51:02 CET.
Flavor | Version | Tinstall | Tcheck | Ttotal | Status | Flags |
---|---|---|---|---|---|---|
r-devel-linux-x86_64-debian-clang | 1.0.0 | 47.36 | 344.92 | 392.28 | OK | |
r-devel-linux-x86_64-debian-gcc | 1.0.0 | 32.61 | 232.03 | 264.64 | OK | |
r-devel-linux-x86_64-fedora-clang | 1.0.0 | 643.26 | OK | |||
r-devel-linux-x86_64-fedora-gcc | 1.0.0 | 597.88 | OK | |||
r-devel-macos-arm64 | 1.0.0 | 148.00 | OK | |||
r-devel-macos-x86_64 | 1.0.0 | 288.00 | OK | |||
r-devel-windows-x86_64 | 1.0.0 | 42.00 | 287.00 | 329.00 | OK | |
r-patched-linux-x86_64 | 1.0.0 | 40.12 | 319.56 | 359.68 | NOTE | |
r-release-linux-x86_64 | 1.0.0 | 41.37 | 315.76 | 357.13 | NOTE | |
r-release-macos-arm64 | 1.0.0 | 136.00 | NOTE | |||
r-release-macos-x86_64 | 1.0.0 | 212.00 | NOTE | |||
r-release-windows-x86_64 | 1.0.0 | 43.00 | 279.00 | 322.00 | NOTE | |
r-oldrel-macos-arm64 | 1.0.0 | 151.00 | NOTE | |||
r-oldrel-macos-x86_64 | 1.0.0 | 278.00 | NOTE | |||
r-oldrel-windows-x86_64 | 1.0.0 | 60.00 | 370.00 | 430.00 | NOTE |
Version: 1.0.0
Check: package dependencies
Result: NOTE
Package suggested but not available for checking: ‘INLA’
Flavors: r-patched-linux-x86_64, r-release-linux-x86_64, r-release-macos-arm64, r-release-macos-x86_64, r-oldrel-macos-arm64, r-oldrel-macos-x86_64, r-oldrel-windows-x86_64
Version: 1.0.0
Check: installed package size
Result: NOTE
installed size is 5.9Mb
sub-directories of 1Mb or more:
data 3.0Mb
doc 2.5Mb
Flavors: r-release-macos-arm64, r-release-macos-x86_64, r-release-windows-x86_64, r-oldrel-macos-arm64, r-oldrel-macos-x86_64, r-oldrel-windows-x86_64
These binaries (installable software) and packages are in development.
They may not be fully stable and should be used with caution. We make no claims about them.