Last updated on 2025-10-23 11:50:30 CEST.
Flavor | Version | Tinstall | Tcheck | Ttotal | Status | Flags |
---|---|---|---|---|---|---|
r-devel-linux-x86_64-debian-clang | 1.0.0 | 48.57 | 370.33 | 418.90 | OK | |
r-devel-linux-x86_64-debian-gcc | 1.0.0 | 35.87 | 239.14 | 275.01 | OK | |
r-devel-linux-x86_64-fedora-clang | 1.0.0 | 418.00 | 288.06 | 706.06 | OK | |
r-devel-linux-x86_64-fedora-gcc | 1.0.0 | 264.00 | 415.36 | 679.36 | OK | |
r-devel-windows-x86_64 | 1.0.0 | 47.00 | 296.00 | 343.00 | OK | |
r-patched-linux-x86_64 | 1.0.0 | 43.88 | 347.84 | 391.72 | OK | |
r-release-linux-x86_64 | 1.0.0 | 46.03 | 346.19 | 392.22 | OK | |
r-release-macos-arm64 | 1.0.0 | 22.00 | 124.00 | 146.00 | OK | |
r-release-macos-x86_64 | 1.0.0 | 39.00 | 249.00 | 288.00 | OK | |
r-release-windows-x86_64 | 1.0.0 | 46.00 | 298.00 | 344.00 | OK | |
r-oldrel-macos-arm64 | 1.0.0 | 18.00 | 118.00 | 136.00 | NOTE | |
r-oldrel-macos-x86_64 | 1.0.0 | 29.00 | 183.00 | 212.00 | NOTE | |
r-oldrel-windows-x86_64 | 1.0.0 | 66.00 | 408.00 | 474.00 | NOTE |
Version: 1.0.0
Check: package dependencies
Result: NOTE
Package suggested but not available for checking: ‘INLA’
Flavors: r-oldrel-macos-arm64, r-oldrel-macos-x86_64
Version: 1.0.0
Check: installed package size
Result: NOTE
installed size is 5.9Mb
sub-directories of 1Mb or more:
data 3.0Mb
doc 2.5Mb
Flavors: r-oldrel-macos-arm64, r-oldrel-macos-x86_64, r-oldrel-windows-x86_64
These binaries (installable software) and packages are in development.
They may not be fully stable and should be used with caution. We make no claims about them.