Last updated on 2025-05-01 12:49:42 CEST.
Flavor | Version | Tinstall | Tcheck | Ttotal | Status | Flags |
---|---|---|---|---|---|---|
r-devel-linux-x86_64-debian-clang | 0.2.0 | 6.43 | 86.20 | 92.63 | NOTE | |
r-devel-linux-x86_64-debian-gcc | 0.2.0 | 4.71 | 59.55 | 64.26 | OK | |
r-devel-linux-x86_64-fedora-clang | 0.2.0 | 137.63 | OK | |||
r-devel-linux-x86_64-fedora-gcc | 0.2.0 | 128.87 | OK | |||
r-devel-windows-x86_64 | 0.2.0 | 8.00 | 98.00 | 106.00 | OK | |
r-patched-linux-x86_64 | 0.2.0 | 6.88 | 78.54 | 85.42 | OK | |
r-release-linux-x86_64 | OK | |||||
r-release-macos-arm64 | 0.2.0 | 40.00 | OK | |||
r-release-macos-x86_64 | 0.2.0 | 104.00 | OK | |||
r-release-windows-x86_64 | 0.2.0 | 7.00 | 104.00 | 111.00 | OK | |
r-oldrel-macos-arm64 | 0.2.0 | 43.00 | OK | |||
r-oldrel-macos-x86_64 | 0.2.0 | 105.00 | OK | |||
r-oldrel-windows-x86_64 | 0.2.0 | 10.00 | 119.00 | 129.00 | OK |
Version: 0.2.0
Check: examples
Result: NOTE
Examples with CPU (user + system) or elapsed time > 5s
user system elapsed
matrix_freq 4.367 0.082 6.053
Flavor: r-devel-linux-x86_64-debian-clang
These binaries (installable software) and packages are in development.
They may not be fully stable and should be used with caution. We make no claims about them.