Last updated on 2025-10-23 23:49:47 CEST.
Flavor | Version | Tinstall | Tcheck | Ttotal | Status | Flags |
---|---|---|---|---|---|---|
r-devel-linux-x86_64-debian-clang | 2.0.0 | 31.61 | 378.95 | 410.56 | NOTE | |
r-devel-linux-x86_64-debian-gcc | 2.0.0 | 21.13 | 399.80 | 420.93 | OK | |
r-devel-linux-x86_64-fedora-clang | 2.0.0 | 126.00 | 424.11 | 550.11 | OK | |
r-devel-linux-x86_64-fedora-gcc | 2.0.0 | 68.00 | 493.67 | 561.67 | OK | |
r-devel-windows-x86_64 | 2.0.0 | 39.00 | 256.00 | 295.00 | OK | |
r-patched-linux-x86_64 | 2.0.0 | 30.70 | 361.52 | 392.22 | OK | |
r-release-linux-x86_64 | 2.0.0 | 31.47 | 368.57 | 400.04 | OK | |
r-release-macos-arm64 | 2.0.0 | 12.00 | 109.00 | 121.00 | OK | |
r-release-macos-x86_64 | 2.0.0 | 17.00 | 227.00 | 244.00 | OK | |
r-release-windows-x86_64 | 2.0.0 | 37.00 | 258.00 | 295.00 | OK | |
r-oldrel-macos-arm64 | 2.0.0 | 13.00 | 99.00 | 112.00 | OK | |
r-oldrel-macos-x86_64 | 2.0.0 | 20.00 | 224.00 | 244.00 | OK | |
r-oldrel-windows-x86_64 | 2.0.0 | 47.00 | 322.00 | 369.00 | OK |
Version: 2.0.0
Check: HTML version of manual
Result: NOTE
Found the following HTML validation problems:
print.surveysd.html:53:1 (print.surveysd.Rd:12): Warning: missing </ul> before </div>
Flavor: r-devel-linux-x86_64-debian-clang
These binaries (installable software) and packages are in development.
They may not be fully stable and should be used with caution. We make no claims about them.