Last updated on 2025-05-01 12:49:42 CEST.
Flavor | Version | Tinstall | Tcheck | Ttotal | Status | Flags |
---|---|---|---|---|---|---|
r-devel-linux-x86_64-debian-clang | 0.9.6 | 10.21 | 234.46 | 244.67 | NOTE | |
r-devel-linux-x86_64-debian-gcc | 0.9.7 | 7.79 | 170.28 | 178.07 | OK | |
r-devel-linux-x86_64-fedora-clang | 0.9.7 | 407.80 | OK | |||
r-devel-linux-x86_64-fedora-gcc | 0.9.7 | 423.01 | OK | |||
r-devel-windows-x86_64 | 0.9.7 | 14.00 | 213.00 | 227.00 | OK | |
r-patched-linux-x86_64 | 0.9.7 | 11.38 | 223.61 | 234.99 | OK | |
r-release-linux-x86_64 | OK | |||||
r-release-macos-arm64 | 0.9.7 | 119.00 | OK | |||
r-release-macos-x86_64 | 0.9.7 | 309.00 | OK | |||
r-release-windows-x86_64 | 0.9.7 | 14.00 | 222.00 | 236.00 | OK | |
r-oldrel-macos-arm64 | 0.9.7 | 121.00 | OK | |||
r-oldrel-macos-x86_64 | 0.9.7 | 250.00 | OK | |||
r-oldrel-windows-x86_64 | 0.9.6 | 15.00 | 290.00 | 305.00 | OK |
Version: 0.9.6
Check: examples
Result: NOTE
Examples with CPU (user + system) or elapsed time > 5s
user system elapsed
tab_subset 4.82 0.05 6.082
Flavor: r-devel-linux-x86_64-debian-clang
These binaries (installable software) and packages are in development.
They may not be fully stable and should be used with caution. We make no claims about them.