Last updated on 2025-05-08 04:52:20 CEST.
Flavor | Version | Tinstall | Tcheck | Ttotal | Status | Flags |
---|---|---|---|---|---|---|
r-devel-linux-x86_64-debian-clang | 3.8-3 | 63.38 | 550.57 | 613.95 | OK | |
r-devel-linux-x86_64-debian-gcc | 3.8-3 | 45.54 | 399.90 | 445.44 | OK | |
r-devel-linux-x86_64-fedora-clang | 3.8-3 | 983.41 | OK | |||
r-devel-linux-x86_64-fedora-gcc | 3.8-3 | 1005.70 | OK | |||
r-devel-windows-x86_64 | 3.8-3 | 87.00 | 753.00 | 840.00 | OK | |
r-patched-linux-x86_64 | 3.8-3 | 66.81 | 531.45 | 598.26 | OK | |
r-release-linux-x86_64 | 3.8-3 | 59.16 | 527.49 | 586.65 | OK | |
r-release-macos-arm64 | 3.8-3 | 326.00 | OK | |||
r-release-macos-x86_64 | 3.8-3 | 736.00 | OK | |||
r-release-windows-x86_64 | 3.8-3 | 88.00 | 754.00 | 842.00 | OK | |
r-oldrel-macos-arm64 | 3.8-3 | 287.00 | NOTE | |||
r-oldrel-macos-x86_64 | 3.8-3 | 652.00 | NOTE | |||
r-oldrel-windows-x86_64 | 3.8-3 | 109.00 | 839.00 | 948.00 | NOTE |
Version: 3.8-3
Check: installed package size
Result: NOTE
installed size is 11.0Mb
sub-directories of 1Mb or more:
R 2.0Mb
data 2.3Mb
doc 5.3Mb
Flavors: r-oldrel-macos-arm64, r-oldrel-macos-x86_64, r-oldrel-windows-x86_64
These binaries (installable software) and packages are in development.
They may not be fully stable and should be used with caution. We make no claims about them.