Last updated on 2025-02-16 08:51:02 CET.
Flavor | Version | Tinstall | Tcheck | Ttotal | Status | Flags |
---|---|---|---|---|---|---|
r-devel-linux-x86_64-debian-clang | 0.0-2 | 28.64 | 24.29 | 52.93 | NOTE | |
r-devel-linux-x86_64-debian-gcc | 0.0-2 | 20.44 | 20.13 | 40.57 | NOTE | |
r-devel-linux-x86_64-fedora-clang | 0.0-2 | 108.81 | NOTE | |||
r-devel-linux-x86_64-fedora-gcc | 0.0-2 | 101.60 | NOTE | |||
r-devel-macos-arm64 | 0.0-2 | 31.00 | NOTE | |||
r-devel-macos-x86_64 | 0.0-2 | 41.00 | NOTE | |||
r-devel-windows-x86_64 | 0.0-2 | 34.00 | 64.00 | 98.00 | NOTE | |
r-patched-linux-x86_64 | 0.0-2 | 28.16 | 23.83 | 51.99 | NOTE | |
r-release-linux-x86_64 | 0.0-2 | 28.20 | 24.23 | 52.43 | NOTE | |
r-release-macos-arm64 | 0.0-2 | 31.00 | NOTE | |||
r-release-macos-x86_64 | 0.0-2 | 46.00 | NOTE | |||
r-release-windows-x86_64 | 0.0-2 | 33.00 | 69.00 | 102.00 | NOTE | |
r-oldrel-macos-arm64 | 0.0-2 | 38.00 | NOTE | |||
r-oldrel-macos-x86_64 | 0.0-2 | 54.00 | NOTE | |||
r-oldrel-windows-x86_64 | 0.0-2 | 39.00 | 78.00 | 117.00 | NOTE |
Version: 0.0-2
Check: C++ specification
Result: NOTE
Specified C++11: please drop specification unless essential
Flavors: r-devel-linux-x86_64-debian-clang, r-devel-linux-x86_64-debian-gcc, r-devel-linux-x86_64-fedora-clang, r-devel-linux-x86_64-fedora-gcc, r-devel-macos-arm64, r-devel-macos-x86_64, r-devel-windows-x86_64, r-patched-linux-x86_64, r-release-linux-x86_64, r-release-macos-arm64, r-release-macos-x86_64, r-release-windows-x86_64, r-oldrel-macos-arm64, r-oldrel-macos-x86_64, r-oldrel-windows-x86_64
These binaries (installable software) and packages are in development.
They may not be fully stable and should be used with caution. We make no claims about them.