Last updated on 2024-07-27 15:50:35 CEST.
Flavor | Version | Tinstall | Tcheck | Ttotal | Status | Flags |
---|---|---|---|---|---|---|
r-devel-linux-x86_64-debian-clang | 0.1.1 | 18.30 | 1168.43 | 1186.73 | NOTE | |
r-devel-linux-x86_64-debian-gcc | 0.1.1 | NOTE | ||||
r-devel-linux-x86_64-fedora-clang | 0.1.1 | 1130.69 | NOTE | |||
r-devel-linux-x86_64-fedora-gcc | 0.1.1 | 1365.52 | NOTE | |||
r-devel-windows-x86_64 | 0.1.1 | 13.00 | 1335.00 | 1348.00 | NOTE | |
r-patched-linux-x86_64 | 0.1.1 | NOTE | ||||
r-release-linux-x86_64 | 0.1.1 | 15.44 | 1116.94 | 1132.38 | NOTE | |
r-release-macos-arm64 | 0.1.1 | 487.00 | NOTE | |||
r-release-macos-x86_64 | 0.1.1 | 760.00 | NOTE | |||
r-release-windows-x86_64 | 0.1.1 | 14.00 | 1237.00 | 1251.00 | NOTE | |
r-oldrel-macos-arm64 | 0.1.1 | 543.00 | OK | |||
r-oldrel-macos-x86_64 | 0.1.1 | 835.00 | OK | |||
r-oldrel-windows-x86_64 | 0.1.1 | 17.00 | 1135.00 | 1152.00 | OK |
Version: 0.1.1
Check: Rd files
Result: NOTE
checkRd: (-1) coxph_mpl_dc.Rd:24: Lost braces; missing escapes or markup?
24 | \item{mpl_h0t}{MPL estimates of the baseline hazard for T, i.e. h_{0T}(x_i)}
| ^
checkRd: (-1) coxph_mpl_dc.Rd:25: Lost braces; missing escapes or markup?
25 | \item{mpl_h0c}{MPL estimates of the baseline hazard for C, i.e. h_{0C}(x_i)}
| ^
checkRd: (-1) coxph_mpl_dc.Rd:26: Lost braces; missing escapes or markup?
26 | \item{mpl_H0t}{MPL estimates of the baseline cumulative hazard for T, i.e. H_{0T}(x_i)}
| ^
checkRd: (-1) coxph_mpl_dc.Rd:27: Lost braces; missing escapes or markup?
27 | \item{mpl_H0c}{MPL estimates of the baseline cumulative hazard for C, i.e. H_{0c}(x_i)}
| ^
checkRd: (-1) coxph_mpl_dc.Rd:28: Lost braces; missing escapes or markup?
28 | \item{mpl_S0t}{MPL estimates of the baseline survival for T, i.e. S_{0T}(x_i)}
| ^
checkRd: (-1) coxph_mpl_dc.Rd:29: Lost braces; missing escapes or markup?
29 | \item{mpl_S0c}{MPL estimates of the baseline survival for C, i.e. S_{0C}(x_i)}
| ^
Flavors: r-devel-linux-x86_64-debian-clang, r-devel-linux-x86_64-debian-gcc, r-devel-linux-x86_64-fedora-clang, r-devel-linux-x86_64-fedora-gcc, r-devel-windows-x86_64, r-patched-linux-x86_64, r-release-linux-x86_64, r-release-macos-arm64, r-release-macos-x86_64, r-release-windows-x86_64
These binaries (installable software) and packages are in development.
They may not be fully stable and should be used with caution. We make no claims about them.