Last updated on 2025-02-16 08:51:02 CET.
Flavor | Version | Tinstall | Tcheck | Ttotal | Status | Flags |
---|---|---|---|---|---|---|
r-devel-linux-x86_64-debian-clang | 1.0.3.1 | 2.27 | 18.69 | 20.96 | OK | |
r-devel-linux-x86_64-debian-gcc | 1.0.3.1 | 1.98 | 15.57 | 17.55 | OK | |
r-devel-linux-x86_64-fedora-clang | 1.0.3.1 | 34.53 | NOTE | |||
r-devel-linux-x86_64-fedora-gcc | 1.0.3.1 | 31.92 | NOTE | |||
r-devel-macos-arm64 | 1.0.3.1 | 15.00 | OK | |||
r-devel-macos-x86_64 | 1.0.3.1 | 23.00 | OK | |||
r-devel-windows-x86_64 | 1.0.3.1 | 5.00 | 40.00 | 45.00 | OK | |
r-patched-linux-x86_64 | 1.0.3.1 | 2.14 | 17.64 | 19.78 | OK | |
r-release-linux-x86_64 | 1.0.3.1 | 2.18 | 17.55 | 19.73 | OK | |
r-release-macos-arm64 | 1.0.3.1 | 16.00 | OK | |||
r-release-macos-x86_64 | 1.0.3.1 | 21.00 | OK | |||
r-release-windows-x86_64 | 1.0.3.1 | 5.00 | 37.00 | 42.00 | OK | |
r-oldrel-macos-arm64 | 1.0.3.1 | 16.00 | OK | |||
r-oldrel-macos-x86_64 | 1.0.3.1 | 20.00 | OK | |||
r-oldrel-windows-x86_64 | 1.0.3.1 | 6.00 | 39.00 | 45.00 | OK |
Version: 1.0.3.1
Check: compiled code
Result: NOTE
File ‘survivalROC/libs/survivalROC.so’:
Found no calls to: ‘R_registerRoutines’, ‘R_useDynamicSymbols’
It is good practice to register native routines and to disable symbol
search.
See ‘Writing portable packages’ in the ‘Writing R Extensions’ manual.
Flavors: r-devel-linux-x86_64-fedora-clang, r-devel-linux-x86_64-fedora-gcc
These binaries (installable software) and packages are in development.
They may not be fully stable and should be used with caution. We make no claims about them.