Last updated on 2025-10-23 17:51:05 CEST.
Flavor | Version | Tinstall | Tcheck | Ttotal | Status | Flags |
---|---|---|---|---|---|---|
r-devel-linux-x86_64-debian-clang | 0.98 | 25.10 | 235.39 | 260.49 | OK | |
r-devel-linux-x86_64-debian-gcc | 0.98 | 18.03 | 150.78 | 168.81 | OK | |
r-devel-linux-x86_64-fedora-clang | 0.98 | 221.00 | 222.98 | 443.98 | NOTE | |
r-devel-linux-x86_64-fedora-gcc | 0.98 | 129.00 | 292.77 | 421.77 | NOTE | |
r-devel-windows-x86_64 | 0.98 | 28.00 | 220.00 | 248.00 | OK | |
r-patched-linux-x86_64 | 0.98 | 25.44 | 218.96 | 244.40 | OK | |
r-release-linux-x86_64 | 0.98 | 25.71 | 217.26 | 242.97 | OK | |
r-release-macos-arm64 | 0.98 | 11.00 | 78.00 | 89.00 | OK | |
r-release-macos-x86_64 | 0.98 | 30.00 | 115.00 | 145.00 | OK | |
r-release-windows-x86_64 | 0.98 | 27.00 | 218.00 | 245.00 | OK | |
r-oldrel-macos-arm64 | 0.98 | 11.00 | 81.00 | 92.00 | OK | |
r-oldrel-macos-x86_64 | 0.98 | 20.00 | 104.00 | 124.00 | OK | |
r-oldrel-windows-x86_64 | 0.98 | 33.00 | 302.00 | 335.00 | OK |
Version: 0.98
Check: Rd files
Result: NOTE
checkRd: (-1) survivalSL.Rd:44-59: Only 4 columns allowed in this table (row 1 has 3)
checkRd: (-1) survivalSL.Rd:44-59: Only 4 columns allowed in this table (row 2 has 3)
checkRd: (-1) survivalSL.Rd:44-59: Only 4 columns allowed in this table (row 3 has 3)
checkRd: (-1) survivalSL.Rd:44-59: Only 4 columns allowed in this table (row 4 has 3)
checkRd: (-1) survivalSL.Rd:44-59: Only 4 columns allowed in this table (row 5 has 3)
checkRd: (-1) survivalSL.Rd:44-59: Only 4 columns allowed in this table (row 6 has 3)
checkRd: (-1) survivalSL.Rd:44-59: Only 4 columns allowed in this table (row 7 has 3)
checkRd: (-1) survivalSL.Rd:44-59: Only 4 columns allowed in this table (row 8 has 3)
checkRd: (-1) survivalSL.Rd:44-59: Only 4 columns allowed in this table (row 9 has 3)
checkRd: (-1) survivalSL.Rd:44-59: Only 4 columns allowed in this table (row 10 has 3)
checkRd: (-1) survivalSL.Rd:44-59: Only 4 columns allowed in this table (row 11 has 3)
checkRd: (-1) survivalSL.Rd:44-59: Only 4 columns allowed in this table (row 12 has 3)
checkRd: (-1) survivalSL.Rd:44-59: Only 4 columns allowed in this table (row 13 has 3)
checkRd: (-1) survivalSL.Rd:44-59: Only 4 columns allowed in this table (row 14 has 3)
Flavors: r-devel-linux-x86_64-fedora-clang, r-devel-linux-x86_64-fedora-gcc
These binaries (installable software) and packages are in development.
They may not be fully stable and should be used with caution. We make no claims about them.