Last updated on 2025-05-01 12:49:42 CEST.
Flavor | Version | Tinstall | Tcheck | Ttotal | Status | Flags |
---|---|---|---|---|---|---|
r-devel-linux-x86_64-debian-clang | 0.5.0 | 15.33 | 242.36 | 257.69 | NOTE | |
r-devel-linux-x86_64-debian-gcc | 0.5.0 | 10.73 | 168.82 | 179.55 | OK | |
r-devel-linux-x86_64-fedora-clang | 0.5.0 | 381.43 | OK | |||
r-devel-linux-x86_64-fedora-gcc | 0.5.0 | 367.53 | OK | |||
r-devel-windows-x86_64 | 0.5.0 | 16.00 | 219.00 | 235.00 | OK | |
r-patched-linux-x86_64 | 0.5.0 | 15.68 | 226.47 | 242.15 | OK | |
r-release-linux-x86_64 | OK | |||||
r-release-macos-arm64 | 0.5.0 | 102.00 | OK | |||
r-release-macos-x86_64 | 0.5.0 | 164.00 | OK | |||
r-release-windows-x86_64 | 0.5.0 | 16.00 | 219.00 | 235.00 | OK | |
r-oldrel-macos-arm64 | 0.5.0 | 82.00 | OK | |||
r-oldrel-macos-x86_64 | 0.5.0 | 118.00 | OK | |||
r-oldrel-windows-x86_64 | 0.5.0 | 21.00 | 280.00 | 301.00 | OK |
Version: 0.5.0
Check: examples
Result: NOTE
Examples with CPU (user + system) or elapsed time > 5s
user system elapsed
ggsurvplot_group_by 4.727 0.000 6.094
ggsurvplot 4.580 0.032 5.919
ggsurvplot_facet 4.046 0.004 5.866
Flavor: r-devel-linux-x86_64-debian-clang
These binaries (installable software) and packages are in development.
They may not be fully stable and should be used with caution. We make no claims about them.