Last updated on 2025-11-12 12:53:25 CET.
| Flavor | Version | Tinstall | Tcheck | Ttotal | Status | Flags |
|---|---|---|---|---|---|---|
| r-devel-linux-x86_64-debian-clang | 0.5.1 | 15.80 | 294.88 | 310.68 | OK | |
| r-devel-linux-x86_64-debian-gcc | 0.5.1 | 10.00 | 200.30 | 210.30 | OK | |
| r-devel-linux-x86_64-fedora-clang | 0.5.1 | 34.00 | 416.81 | 450.81 | OK | |
| r-devel-linux-x86_64-fedora-gcc | 0.5.1 | 26.00 | 420.40 | 446.40 | OK | |
| r-devel-windows-x86_64 | 0.5.1 | 16.00 | 250.00 | 266.00 | OK | |
| r-patched-linux-x86_64 | 0.5.1 | 15.14 | 278.13 | 293.27 | OK | |
| r-release-linux-x86_64 | 0.5.1 | 12.66 | 274.53 | 287.19 | OK | |
| r-release-macos-arm64 | 0.5.1 | 6.00 | 89.00 | 95.00 | OK | |
| r-release-macos-x86_64 | 0.5.1 | 13.00 | 162.00 | 175.00 | OK | |
| r-release-windows-x86_64 | 0.5.1 | 16.00 | 248.00 | 264.00 | OK | |
| r-oldrel-macos-arm64 | 0.5.1 | 6.00 | 88.00 | 94.00 | NOTE | |
| r-oldrel-macos-x86_64 | 0.5.1 | 11.00 | 145.00 | 156.00 | NOTE | |
| r-oldrel-windows-x86_64 | 0.5.1 | 23.00 | 331.00 | 354.00 | NOTE |
Version: 0.5.1
Check: installed package size
Result: NOTE
installed size is 6.0Mb
sub-directories of 1Mb or more:
doc 5.5Mb
Flavors: r-oldrel-macos-arm64, r-oldrel-macos-x86_64, r-oldrel-windows-x86_64
These binaries (installable software) and packages are in development.
They may not be fully stable and should be used with caution. We make no claims about them.