CRAN Package Check Results for Package survminer

Last updated on 2025-10-23 11:50:30 CEST.

Flavor Version Tinstall Tcheck Ttotal Status Flags
r-devel-linux-x86_64-debian-clang 0.5.1 15.71 288.61 304.32 NOTE
r-devel-linux-x86_64-debian-gcc 0.5.1 9.76 198.50 208.26 OK
r-devel-linux-x86_64-fedora-clang 0.5.1 76.00 402.79 478.79 OK
r-devel-linux-x86_64-fedora-gcc 0.5.1 28.00 412.55 440.55 OK
r-devel-windows-x86_64 0.5.1 17.00 254.00 271.00 OK
r-patched-linux-x86_64 0.5.1 14.49 271.97 286.46 OK
r-release-linux-x86_64 0.5.1 13.74 275.72 289.46 OK
r-release-macos-arm64 0.5.1 6.00 89.00 95.00 OK
r-release-macos-x86_64 0.5.1 13.00 162.00 175.00 OK
r-release-windows-x86_64 0.5.1 17.00 254.00 271.00 OK
r-oldrel-macos-arm64 0.5.1 6.00 88.00 94.00 NOTE
r-oldrel-macos-x86_64 0.5.1 11.00 145.00 156.00 NOTE
r-oldrel-windows-x86_64 0.5.1 23.00 328.00 351.00 NOTE

Check Details

Version: 0.5.1
Check: HTML version of manual
Result: NOTE Found the following HTML validation problems: ggsurvplot_arguments.html:413:1 (ggsurvplot_arguments.Rd:231): Warning: missing </ul> before </div> Flavor: r-devel-linux-x86_64-debian-clang

Version: 0.5.1
Check: installed package size
Result: NOTE installed size is 6.0Mb sub-directories of 1Mb or more: doc 5.5Mb Flavors: r-oldrel-macos-arm64, r-oldrel-macos-x86_64, r-oldrel-windows-x86_64

These binaries (installable software) and packages are in development.
They may not be fully stable and should be used with caution. We make no claims about them.