Last updated on 2025-10-09 17:50:54 CEST.
Flavor | Version | Tinstall | Tcheck | Ttotal | Status | Flags |
---|---|---|---|---|---|---|
r-devel-linux-x86_64-debian-clang | 3.1.1 | 12.47 | 195.87 | 208.34 | NOTE | |
r-devel-linux-x86_64-debian-gcc | 3.1.1 | 8.14 | 139.40 | 147.54 | NOTE | |
r-devel-linux-x86_64-fedora-clang | 3.1.1 | 332.20 | NOTE | |||
r-devel-linux-x86_64-fedora-gcc | 3.1.1 | 322.03 | NOTE | |||
r-devel-windows-x86_64 | 3.1.1 | 12.00 | 194.00 | 206.00 | NOTE | |
r-patched-linux-x86_64 | 3.1.1 | 13.63 | 184.45 | 198.08 | NOTE | |
r-release-linux-x86_64 | 3.1.1 | 9.94 | 185.56 | 195.50 | NOTE | |
r-release-macos-arm64 | 3.1.1 | 94.00 | NOTE | |||
r-release-macos-x86_64 | 3.1.1 | 200.00 | NOTE | |||
r-release-windows-x86_64 | 3.1.1 | 14.00 | 191.00 | 205.00 | NOTE | |
r-oldrel-macos-arm64 | 3.1.1 | 102.00 | OK | |||
r-oldrel-macos-x86_64 | 3.1.1 | 266.00 | OK | |||
r-oldrel-windows-x86_64 | 3.1.1 | 17.00 | 246.00 | 263.00 | OK |
Version: 3.1.1
Check: DESCRIPTION meta-information
Result: NOTE
Missing dependency on R >= 4.1.0 because package code uses the pipe
|> or function shorthand \(...) syntax added in R 4.1.0.
File(s) using such syntax:
‘censor_event.Rd’ ‘survival_class.R’
Flavors: r-devel-linux-x86_64-debian-clang, r-devel-linux-x86_64-debian-gcc, r-devel-linux-x86_64-fedora-clang, r-devel-linux-x86_64-fedora-gcc, r-devel-windows-x86_64, r-patched-linux-x86_64, r-release-linux-x86_64, r-release-macos-arm64, r-release-windows-x86_64
Version: 3.1.1
Check: DESCRIPTION meta-information
Result: NOTE
Missing dependency on R >= 4.1.0 because package code uses the pipe
|> or function shorthand \(...) syntax added in R 4.1.0.
File(s) using such syntax:
‘survival_class.R’
Flavor: r-release-macos-x86_64
These binaries (installable software) and packages are in development.
They may not be fully stable and should be used with caution. We make no claims about them.