CRAN Package Check Results for Package survobj

Last updated on 2025-11-11 15:50:49 CET.

Flavor Version Tinstall Tcheck Ttotal Status Flags
r-devel-linux-x86_64-debian-clang 3.1.1 12.12 179.02 191.14 NOTE
r-devel-linux-x86_64-debian-gcc 3.1.1 8.57 133.27 141.84 NOTE
r-devel-linux-x86_64-fedora-clang 3.1.1 26.00 275.66 301.66 NOTE
r-devel-linux-x86_64-fedora-gcc 3.1.1 24.00 270.11 294.11 NOTE
r-devel-windows-x86_64 3.1.1 12.00 189.00 201.00 NOTE
r-patched-linux-x86_64 3.1.1 12.09 171.46 183.55 NOTE
r-release-linux-x86_64 3.1.1 12.06 173.41 185.47 NOTE
r-release-macos-arm64 3.1.1 5.00 89.00 94.00 NOTE
r-release-macos-x86_64 3.1.1 10.00 190.00 200.00 NOTE
r-release-windows-x86_64 3.1.1 14.00 189.00 203.00 NOTE
r-oldrel-macos-arm64 3.1.1 5.00 97.00 102.00 OK
r-oldrel-macos-x86_64 3.1.1 12.00 254.00 266.00 OK
r-oldrel-windows-x86_64 3.1.1 17.00 238.00 255.00 OK

Check Details

Version: 3.1.1
Check: DESCRIPTION meta-information
Result: NOTE Missing dependency on R >= 4.1.0 because package code uses the pipe |> or function shorthand \(...) syntax added in R 4.1.0. File(s) using such syntax: ‘censor_event.Rd’ ‘survival_class.R’ Flavors: r-devel-linux-x86_64-debian-clang, r-devel-linux-x86_64-debian-gcc, r-devel-linux-x86_64-fedora-clang, r-devel-linux-x86_64-fedora-gcc, r-devel-windows-x86_64, r-patched-linux-x86_64, r-release-linux-x86_64, r-release-macos-arm64, r-release-windows-x86_64

Version: 3.1.1
Check: DESCRIPTION meta-information
Result: NOTE Missing dependency on R >= 4.1.0 because package code uses the pipe |> or function shorthand \(...) syntax added in R 4.1.0. File(s) using such syntax: ‘survival_class.R’ Flavor: r-release-macos-x86_64

These binaries (installable software) and packages are in development.
They may not be fully stable and should be used with caution. We make no claims about them.