Last updated on 2025-05-21 21:49:32 CEST.
Flavor | Version | Tinstall | Tcheck | Ttotal | Status | Flags |
---|---|---|---|---|---|---|
r-devel-linux-x86_64-debian-clang | 0.0.7.1 | 169.55 | 214.78 | 384.33 | OK | |
r-devel-linux-x86_64-debian-gcc | 0.0.7.1 | 154.56 | 164.58 | 319.14 | OK | |
r-devel-linux-x86_64-fedora-clang | 0.0.7.1 | 609.94 | NOTE | |||
r-devel-linux-x86_64-fedora-gcc | 0.0.7.1 | 751.61 | NOTE | |||
r-devel-windows-x86_64 | 0.0.7.1 | 188.00 | 257.00 | 445.00 | OK | |
r-patched-linux-x86_64 | 0.0.7.1 | 193.69 | 219.56 | 413.25 | OK | |
r-release-linux-x86_64 | 0.0.7.1 | 192.82 | 220.01 | 412.83 | OK | |
r-release-macos-arm64 | 0.0.7.1 | 154.00 | OK | |||
r-release-macos-x86_64 | 0.0.7.1 | 307.00 | OK | |||
r-release-windows-x86_64 | 0.0.7.1 | 193.00 | 239.00 | 432.00 | OK | |
r-oldrel-macos-arm64 | 0.0.7.1 | 89.00 | NOTE | |||
r-oldrel-macos-x86_64 | 0.0.7.1 | 159.00 | NOTE | |||
r-oldrel-windows-x86_64 | 0.0.7.1 | 214.00 | 301.00 | 515.00 | NOTE |
Version: 0.0.7.1
Check: dependencies in R code
Result: NOTE
Namespaces in Imports field not imported from:
‘RcppParallel’ ‘rstantools’
All declared Imports should be used.
Flavors: r-devel-linux-x86_64-fedora-clang, r-devel-linux-x86_64-fedora-gcc
Version: 0.0.7.1
Check: installed package size
Result: NOTE
installed size is 63.6Mb
sub-directories of 1Mb or more:
libs 63.1Mb
Flavors: r-oldrel-macos-arm64, r-oldrel-macos-x86_64
Version: 0.0.7.1
Check: for GNU extensions in Makefiles
Result: NOTE
GNU make is a SystemRequirements.
Flavors: r-oldrel-macos-arm64, r-oldrel-macos-x86_64, r-oldrel-windows-x86_64
These binaries (installable software) and packages are in development.
They may not be fully stable and should be used with caution. We make no claims about them.