Last updated on 2025-05-02 04:49:49 CEST.
Flavor | Version | Tinstall | Tcheck | Ttotal | Status | Flags |
---|---|---|---|---|---|---|
r-devel-linux-x86_64-debian-clang | 1.1.0 | 3.62 | 34.70 | 38.32 | NOTE | |
r-devel-linux-x86_64-debian-gcc | 1.1.0 | 2.81 | 26.73 | 29.54 | NOTE | |
r-devel-linux-x86_64-fedora-clang | 1.1.0 | 63.48 | OK | |||
r-devel-linux-x86_64-fedora-gcc | 1.1.0 | 72.29 | OK | |||
r-devel-windows-x86_64 | 1.1.0 | 5.00 | 60.00 | 65.00 | OK | |
r-patched-linux-x86_64 | 1.1.0 | 4.42 | 33.16 | 37.58 | OK | |
r-release-linux-x86_64 | OK | |||||
r-release-macos-arm64 | 1.1.0 | 36.00 | OK | |||
r-release-macos-x86_64 | 1.1.0 | 58.00 | OK | |||
r-release-windows-x86_64 | 1.1.0 | 5.00 | 68.00 | 73.00 | OK | |
r-oldrel-macos-arm64 | 1.1.0 | 28.00 | OK | |||
r-oldrel-macos-x86_64 | 1.1.0 | 41.00 | OK | |||
r-oldrel-windows-x86_64 | 1.1.0 | 6.00 | 63.00 | 69.00 | OK |
Version: 1.1.0
Check: CRAN incoming feasibility
Result: NOTE
Maintainer: ‘Philippe Grosjean <phgrosjean@sciviews.org>’
Package CITATION file contains call(s) to old-style personList() or
as.personList(). Please use c() on person objects instead.
Package CITATION file contains call(s) to old-style citEntry(). Please
use bibentry() instead.
Flavors: r-devel-linux-x86_64-debian-clang, r-devel-linux-x86_64-debian-gcc
These binaries (installable software) and packages are in development.
They may not be fully stable and should be used with caution. We make no claims about them.