Last updated on 2025-11-13 15:51:28 CET.
| Flavor | Version | Tinstall | Tcheck | Ttotal | Status | Flags |
|---|---|---|---|---|---|---|
| r-devel-linux-x86_64-debian-clang | 1.0.0 | 2.51 | 33.58 | 36.09 | NOTE | |
| r-devel-linux-x86_64-debian-gcc | 1.0.0 | 2.24 | 27.00 | 29.24 | NOTE | |
| r-devel-linux-x86_64-fedora-clang | 1.0.0 | 55.37 | OK | |||
| r-devel-linux-x86_64-fedora-gcc | 1.0.0 | 67.88 | OK | |||
| r-devel-windows-x86_64 | 1.0.0 | 5.00 | 51.00 | 56.00 | OK | |
| r-patched-linux-x86_64 | 1.0.0 | 3.00 | 32.08 | 35.08 | OK | |
| r-release-linux-x86_64 | 1.0.0 | 2.96 | 32.24 | 35.20 | OK | |
| r-release-macos-arm64 | 1.0.0 | 3.00 | 48.00 | 51.00 | OK | |
| r-release-macos-x86_64 | 1.0.0 | 3.00 | 45.00 | 48.00 | OK | |
| r-release-windows-x86_64 | 1.0.0 | 5.00 | 51.00 | 56.00 | OK | |
| r-oldrel-macos-arm64 | 1.0.0 | 2.00 | 26.00 | 28.00 | OK | |
| r-oldrel-macos-x86_64 | 1.0.0 | 2.00 | 37.00 | 39.00 | OK | |
| r-oldrel-windows-x86_64 | 1.0.0 | 6.00 | 61.00 | 67.00 | OK |
Version: 1.0.0
Check: CRAN incoming feasibility
Result: NOTE
Maintainer: ‘Philippe Grosjean <phgrosjean@sciviews.org>’
Package CITATION file contains call(s) to old-style personList() or
as.personList(). Please use c() on person objects instead.
Package CITATION file contains call(s) to old-style citEntry(). Please
use bibentry() instead.
Flavors: r-devel-linux-x86_64-debian-clang, r-devel-linux-x86_64-debian-gcc
These binaries (installable software) and packages are in development.
They may not be fully stable and should be used with caution. We make no claims about them.