CRAN Package Check Results for Package svSweave

Last updated on 2025-10-23 11:50:30 CEST.

Flavor Version Tinstall Tcheck Ttotal Status Flags
r-devel-linux-x86_64-debian-clang 1.0.0 2.38 34.00 36.38 NOTE
r-devel-linux-x86_64-debian-gcc 1.0.0 2.21 26.80 29.01 NOTE
r-devel-linux-x86_64-fedora-clang 1.0.0 15.00 43.57 58.57 OK
r-devel-linux-x86_64-fedora-gcc 1.0.0 66.72 OK
r-devel-windows-x86_64 1.0.0 5.00 53.00 58.00 OK
r-patched-linux-x86_64 1.0.0 3.41 32.49 35.90 OK
r-release-linux-x86_64 1.0.0 3.11 32.36 35.47 OK
r-release-macos-arm64 1.0.0 3.00 48.00 51.00 OK
r-release-macos-x86_64 1.0.0 3.00 45.00 48.00 OK
r-release-windows-x86_64 1.0.0 6.00 54.00 60.00 OK
r-oldrel-macos-arm64 1.0.0 2.00 26.00 28.00 OK
r-oldrel-macos-x86_64 1.0.0 2.00 37.00 39.00 OK
r-oldrel-windows-x86_64 1.0.0 6.00 60.00 66.00 OK

Check Details

Version: 1.0.0
Check: CRAN incoming feasibility
Result: NOTE Maintainer: ‘Philippe Grosjean <phgrosjean@sciviews.org>’ Package CITATION file contains call(s) to old-style personList() or as.personList(). Please use c() on person objects instead. Package CITATION file contains call(s) to old-style citEntry(). Please use bibentry() instead. Flavors: r-devel-linux-x86_64-debian-clang, r-devel-linux-x86_64-debian-gcc

These binaries (installable software) and packages are in development.
They may not be fully stable and should be used with caution. We make no claims about them.