Last updated on 2025-07-27 01:48:37 CEST.
Flavor | Version | Tinstall | Tcheck | Ttotal | Status | Flags |
---|---|---|---|---|---|---|
r-devel-linux-x86_64-debian-clang | 1.0.6 | 2.63 | 30.21 | 32.84 | NOTE | |
r-devel-linux-x86_64-debian-gcc | 1.0.6 | 2.22 | 23.45 | 25.67 | NOTE | |
r-devel-linux-x86_64-fedora-clang | 1.0.6 | 52.64 | OK | |||
r-devel-linux-x86_64-fedora-gcc | 1.0.6 | 70.14 | OK | |||
r-devel-windows-x86_64 | 1.0.6 | 4.00 | 65.00 | 69.00 | OK | |
r-patched-linux-x86_64 | 1.0.6 | 2.98 | 28.64 | 31.62 | OK | |
r-release-linux-x86_64 | 1.0.6 | 2.62 | 28.19 | 30.81 | OK | |
r-release-macos-arm64 | 1.0.6 | 29.00 | OK | |||
r-release-macos-x86_64 | 1.0.6 | 56.00 | OK | |||
r-release-windows-x86_64 | 1.0.6 | 3.00 | 58.00 | 61.00 | OK | |
r-oldrel-macos-arm64 | 1.0.6 | 34.00 | OK | |||
r-oldrel-macos-x86_64 | 1.0.6 | 43.00 | OK | |||
r-oldrel-windows-x86_64 | 1.0.6 | 5.00 | 64.00 | 69.00 | OK |
Version: 1.0.6
Check: CRAN incoming feasibility
Result: NOTE
Maintainer: ‘Philippe Grosjean <phgrosjean@sciviews.org>’
Package CITATION file contains call(s) to old-style personList() or
as.personList(). Please use c() on person objects instead.
Package CITATION file contains call(s) to old-style citEntry(). Please
use bibentry() instead.
Flavors: r-devel-linux-x86_64-debian-clang, r-devel-linux-x86_64-debian-gcc
These binaries (installable software) and packages are in development.
They may not be fully stable and should be used with caution. We make no claims about them.