Last updated on 2025-05-21 21:49:32 CEST.
Flavor | Version | Tinstall | Tcheck | Ttotal | Status | Flags |
---|---|---|---|---|---|---|
r-devel-linux-x86_64-debian-clang | 1.3.11 | 107.60 | 183.39 | 290.99 | NOTE | |
r-devel-linux-x86_64-debian-gcc | 1.3.11 | 75.60 | 128.69 | 204.29 | NOTE | |
r-devel-linux-x86_64-fedora-clang | 1.3.11 | 518.00 | OK | |||
r-devel-linux-x86_64-fedora-gcc | 1.3.11 | 525.15 | OK | |||
r-devel-windows-x86_64 | 1.3.11 | 123.00 | 228.00 | 351.00 | NOTE | |
r-patched-linux-x86_64 | 1.3.11 | 106.64 | 170.87 | 277.51 | NOTE | |
r-release-linux-x86_64 | 1.3.11 | 105.10 | 172.30 | 277.40 | NOTE | |
r-release-macos-arm64 | 1.3.11 | 119.00 | OK | |||
r-release-macos-x86_64 | 1.3.11 | 203.00 | OK | |||
r-release-windows-x86_64 | 1.3.11 | 121.00 | 212.00 | 333.00 | NOTE | |
r-oldrel-macos-arm64 | 1.3.11 | 118.00 | NOTE | |||
r-oldrel-macos-x86_64 | 1.3.11 | 163.00 | NOTE | |||
r-oldrel-windows-x86_64 | 1.3.11 | 141.00 | 261.00 | 402.00 | OK |
Version: 1.3.11
Check: Rd cross-references
Result: NOTE
Found the following Rd file(s) with Rd \link{} targets missing package
anchors:
stability.Rd: VAR
Please provide package anchors for all Rd \link{} targets not in the
package itself and the base packages.
Flavors: r-devel-linux-x86_64-debian-clang, r-devel-linux-x86_64-debian-gcc, r-devel-windows-x86_64, r-patched-linux-x86_64, r-release-linux-x86_64, r-release-windows-x86_64
Version: 1.3.11
Check: installed package size
Result: NOTE
installed size is 8.6Mb
sub-directories of 1Mb or more:
help 1.0Mb
libs 6.9Mb
Flavors: r-oldrel-macos-arm64, r-oldrel-macos-x86_64
These binaries (installable software) and packages are in development.
They may not be fully stable and should be used with caution. We make no claims about them.