Last updated on 2025-10-03 13:49:50 CEST.
Flavor | Version | Tinstall | Tcheck | Ttotal | Status | Flags |
---|---|---|---|---|---|---|
r-devel-linux-x86_64-debian-clang | 1.3.12 | 107.84 | 198.97 | 306.81 | OK | |
r-devel-linux-x86_64-debian-gcc | 1.3.12 | 72.76 | 135.43 | 208.19 | OK | |
r-devel-linux-x86_64-fedora-clang | 1.3.12 | 512.90 | OK | |||
r-devel-linux-x86_64-fedora-gcc | 1.3.12 | 477.45 | OK | |||
r-devel-windows-x86_64 | 1.3.12 | 125.00 | 220.00 | 345.00 | OK | |
r-patched-linux-x86_64 | 1.3.12 | 106.22 | 186.66 | 292.88 | OK | |
r-release-linux-x86_64 | 1.3.12 | 107.12 | 187.22 | 294.34 | OK | |
r-release-macos-arm64 | 1.3.12 | 101.00 | OK | |||
r-release-macos-x86_64 | 1.3.12 | 283.00 | OK | |||
r-release-windows-x86_64 | 1.3.12 | 121.00 | 213.00 | 334.00 | OK | |
r-oldrel-macos-arm64 | 1.3.12 | 118.00 | NOTE | |||
r-oldrel-macos-x86_64 | 1.3.12 | 199.00 | NOTE | |||
r-oldrel-windows-x86_64 | 1.3.12 | 143.00 | 269.00 | 412.00 | OK |
Version: 1.3.12
Check: installed package size
Result: NOTE
installed size is 9.0Mb
sub-directories of 1Mb or more:
help 1.1Mb
libs 7.2Mb
Flavors: r-oldrel-macos-arm64, r-oldrel-macos-x86_64
These binaries (installable software) and packages are in development.
They may not be fully stable and should be used with caution. We make no claims about them.