CRAN Package Check Results for Package svenssonm

Last updated on 2025-10-09 23:51:27 CEST.

Flavor Version Tinstall Tcheck Ttotal Status Flags
r-devel-linux-x86_64-debian-clang 0.1.0 1.84 22.07 23.91 OK
r-devel-linux-x86_64-debian-gcc 0.1.0 1.55 18.40 19.95 OK
r-devel-linux-x86_64-fedora-clang 0.1.0 34.40 OK
r-devel-linux-x86_64-fedora-gcc 0.1.0 31.77 OK
r-devel-windows-x86_64 0.1.0 3.00 44.00 47.00 OK
r-patched-linux-x86_64 0.1.0 1.78 19.67 21.45 OK
r-release-linux-x86_64 0.1.0 1.89 20.18 22.07 OK
r-release-macos-arm64 0.1.0 17.00 OK
r-release-macos-x86_64 0.1.0 23.00 OK
r-release-windows-x86_64 0.1.0 2.00 53.00 55.00 OK
r-oldrel-macos-arm64 0.1.0 16.00 NOTE
r-oldrel-macos-x86_64 0.1.0 22.00 NOTE
r-oldrel-windows-x86_64 0.1.0 2.00 42.00 44.00 NOTE

Check Details

Version: 0.1.0
Check: LazyData
Result: NOTE 'LazyData' is specified without a 'data' directory Flavors: r-oldrel-macos-arm64, r-oldrel-macos-x86_64, r-oldrel-windows-x86_64

These binaries (installable software) and packages are in development.
They may not be fully stable and should be used with caution. We make no claims about them.