Last updated on 2025-02-16 08:51:02 CET.
Flavor | Version | Tinstall | Tcheck | Ttotal | Status | Flags |
---|---|---|---|---|---|---|
r-devel-linux-x86_64-debian-clang | 2.1.3 | 10.68 | 33.02 | 43.70 | NOTE | |
r-devel-linux-x86_64-debian-gcc | 2.1.3 | 9.18 | 26.31 | 35.49 | NOTE | |
r-devel-linux-x86_64-fedora-clang | 2.1.3 | 76.94 | NOTE | |||
r-devel-linux-x86_64-fedora-gcc | 2.1.3 | 89.03 | NOTE | |||
r-devel-macos-arm64 | 2.1.3 | 35.00 | NOTE | |||
r-devel-macos-x86_64 | 2.1.3 | 67.00 | NOTE | |||
r-devel-windows-x86_64 | 2.1.3 | 15.00 | 78.00 | 93.00 | OK | |
r-patched-linux-x86_64 | 2.1.3 | 11.24 | 31.98 | 43.22 | NOTE | |
r-release-linux-x86_64 | 2.1.3 | 11.31 | 32.41 | 43.72 | NOTE | |
r-release-macos-arm64 | 2.1.3 | 31.00 | NOTE | |||
r-release-macos-x86_64 | 2.1.3 | 47.00 | NOTE | |||
r-release-windows-x86_64 | 2.1.3 | 15.00 | 89.00 | 104.00 | OK | |
r-oldrel-macos-arm64 | 2.1.3 | 36.00 | NOTE | |||
r-oldrel-macos-x86_64 | 2.1.3 | 77.00 | NOTE | |||
r-oldrel-windows-x86_64 | 2.1.3 | 18.00 | 86.00 | 104.00 | OK |
Version: 2.1.3
Check: C++ specification
Result: NOTE
Specified C++11: please drop specification unless essential
Flavors: r-devel-linux-x86_64-debian-clang, r-devel-linux-x86_64-debian-gcc, r-devel-linux-x86_64-fedora-clang, r-devel-linux-x86_64-fedora-gcc, r-devel-macos-arm64, r-devel-macos-x86_64, r-patched-linux-x86_64, r-release-linux-x86_64, r-release-macos-arm64, r-release-macos-x86_64, r-oldrel-macos-arm64, r-oldrel-macos-x86_64
These binaries (installable software) and packages are in development.
They may not be fully stable and should be used with caution. We make no claims about them.