CRAN Package Check Results for Package svglite

Last updated on 2025-05-01 12:49:42 CEST.

Flavor Version Tinstall Tcheck Ttotal Status Flags
r-devel-linux-x86_64-debian-clang 2.1.3 9.55 35.36 44.91 NOTE
r-devel-linux-x86_64-debian-gcc 2.1.3 8.26 27.70 35.96 NOTE
r-devel-linux-x86_64-fedora-clang 2.1.3 77.53 NOTE
r-devel-linux-x86_64-fedora-gcc 2.1.3 89.05 NOTE
r-devel-windows-x86_64 2.1.3 16.00 82.00 98.00 OK
r-patched-linux-x86_64 2.1.3 11.66 32.54 44.20 NOTE
r-release-linux-x86_64 NOTE
r-release-macos-arm64 2.1.3 48.00 NOTE
r-release-macos-x86_64 2.1.3 56.00 ERROR
r-release-windows-x86_64 2.1.3 16.00 89.00 105.00 OK
r-oldrel-macos-arm64 2.1.3 31.00 NOTE
r-oldrel-macos-x86_64 2.1.3 47.00 NOTE
r-oldrel-windows-x86_64 2.1.3 18.00 92.00 110.00 OK

Additional issues

rchk

Check Details

Version: 2.1.3
Check: C++ specification
Result: NOTE Specified C++11: please drop specification unless essential Flavors: r-devel-linux-x86_64-debian-clang, r-devel-linux-x86_64-debian-gcc, r-devel-linux-x86_64-fedora-clang, r-devel-linux-x86_64-fedora-gcc, r-patched-linux-x86_64, r-release-linux-x86_64, r-release-macos-arm64, r-release-macos-x86_64, r-oldrel-macos-arm64, r-oldrel-macos-x86_64

Version: 2.1.3
Check: re-building of vignette outputs
Result: ERROR Error(s) in re-building vignettes: --- re-building ‘fonts.Rmd’ using rmarkdown Error: processing vignette 'fonts.Rmd' failed with diagnostics: there is no package called ‘sass’ --- failed re-building ‘fonts.Rmd’ --- re-building ‘scaling.Rmd’ using rmarkdown Error: processing vignette 'scaling.Rmd' failed with diagnostics: there is no package called ‘sass’ --- failed re-building ‘scaling.Rmd’ SUMMARY: processing the following files failed: ‘fonts.Rmd’ ‘scaling.Rmd’ Error: Vignette re-building failed. Execution halted Flavor: r-release-macos-x86_64

These binaries (installable software) and packages are in development.
They may not be fully stable and should be used with caution. We make no claims about them.