Last updated on 2024-07-27 15:50:35 CEST.
Flavor | Version | Tinstall | Tcheck | Ttotal | Status | Flags |
---|---|---|---|---|---|---|
r-devel-linux-x86_64-debian-clang | 0.2.3 | 141.46 | 69.51 | 210.97 | OK | |
r-devel-linux-x86_64-debian-gcc | 0.2.3 | NOTE | ||||
r-devel-linux-x86_64-fedora-clang | 0.2.3 | 275.85 | NOTE | |||
r-devel-linux-x86_64-fedora-gcc | 0.2.3 | 348.81 | OK | |||
r-devel-windows-x86_64 | 0.2.3 | 114.00 | 113.00 | 227.00 | WARN | |
r-patched-linux-x86_64 | 0.2.3 | OK | ||||
r-release-linux-x86_64 | 0.2.3 | 140.33 | 74.39 | 214.72 | OK | |
r-release-macos-arm64 | 0.2.3 | 74.00 | NOTE | |||
r-release-macos-x86_64 | 0.2.3 | 132.00 | NOTE | |||
r-release-windows-x86_64 | 0.2.3 | 110.00 | 117.00 | 227.00 | WARN | |
r-oldrel-macos-arm64 | 0.2.3 | 83.00 | NOTE | |||
r-oldrel-macos-x86_64 | 0.2.3 | 163.00 | NOTE | |||
r-oldrel-windows-x86_64 | 0.2.3 | 129.00 | 137.00 | 266.00 | NOTE |
Version: 0.2.3
Check: Rd cross-references
Result: NOTE
Found the following Rd file(s) with Rd \link{} targets missing package
anchors:
svine.Rd: univariateML
svine_dist.Rd: univariateML
svinecop.Rd: rvinecopulib
svinecop_dist.Rd: rvinecopulib
Please provide package anchors for all Rd \link{} targets not in the
package itself and the base packages.
Flavors: r-devel-linux-x86_64-debian-gcc, r-devel-windows-x86_64
Version: 0.2.3
Check: installed package size
Result: NOTE
installed size is 5.5Mb
sub-directories of 1Mb or more:
libs 5.0Mb
Flavors: r-devel-linux-x86_64-fedora-clang, r-devel-windows-x86_64, r-release-macos-arm64, r-release-macos-x86_64, r-release-windows-x86_64, r-oldrel-macos-arm64, r-oldrel-macos-x86_64, r-oldrel-windows-x86_64
Version: 0.2.3
Check: whether package can be installed
Result: WARN
Found the following significant warnings:
D:/rtools44/x86_64-w64-mingw32.static.posix/lib/gcc/x86_64-w64-mingw32.static.posix/13.2.0/include/emmintrin.h:169:19: warning: 'void* __builtin_memcpy(void*, const void*, long long unsigned int)' reading 16 or more bytes from a region of size 8 [-Wstringop-overread]
See 'd:/Rcompile/CRANpkg/local/4.5/svines.Rcheck/00install.out' for details.
* used C++ compiler: 'g++.exe (GCC) 13.2.0'
Flavor: r-devel-windows-x86_64
Version: 0.2.3
Check: whether package can be installed
Result: WARN
Found the following significant warnings:
D:/rtools44/x86_64-w64-mingw32.static.posix/lib/gcc/x86_64-w64-mingw32.static.posix/13.2.0/include/emmintrin.h:169:19: warning: 'void* __builtin_memcpy(void*, const void*, long long unsigned int)' reading 16 or more bytes from a region of size 8 [-Wstringop-overread]
See 'd:/Rcompile/CRANpkg/local/4.4/svines.Rcheck/00install.out' for details.
* used C++ compiler: 'g++.exe (GCC) 13.2.0'
Flavor: r-release-windows-x86_64
These binaries (installable software) and packages are in development.
They may not be fully stable and should be used with caution. We make no claims about them.