CRAN Package Check Results for Package svmpath

Last updated on 2025-11-13 23:50:53 CET.

Flavor Version Tinstall Tcheck Ttotal Status Flags
r-devel-linux-x86_64-debian-clang 0.970 5.11 42.99 48.10 NOTE
r-devel-linux-x86_64-debian-gcc 0.970 3.44 32.06 35.50 NOTE
r-devel-linux-x86_64-fedora-clang 0.970 10.00 62.37 72.37 OK
r-devel-linux-x86_64-fedora-gcc 0.970 11.00 55.81 66.81 OK
r-devel-windows-x86_64 0.970 6.00 55.00 61.00 OK
r-patched-linux-x86_64 0.970 4.61 40.98 45.59 OK
r-release-linux-x86_64 0.970 4.11 40.74 44.85 OK
r-release-macos-arm64 0.970 2.00 23.00 25.00 OK
r-release-macos-x86_64 0.970 5.00 38.00 43.00 OK
r-release-windows-x86_64 0.970 5.00 56.00 61.00 OK
r-oldrel-macos-arm64 0.970 2.00 21.00 23.00 OK
r-oldrel-macos-x86_64 0.970 4.00 32.00 36.00 OK
r-oldrel-windows-x86_64 0.970 5.00 56.00 61.00 OK

Check Details

Version: 0.970
Check: CRAN incoming feasibility
Result: NOTE Maintainer: ‘Trevor Hastie <hastie@stanford.edu>’ No Authors@R field in DESCRIPTION. Please add one, modifying Authors@R: person(given = "Trevor", family = "Hastie", role = c("aut", "cre"), email = "hastie@stanford.edu") as necessary. Flavors: r-devel-linux-x86_64-debian-clang, r-devel-linux-x86_64-debian-gcc

These binaries (installable software) and packages are in development.
They may not be fully stable and should be used with caution. We make no claims about them.