CRAN Package Check Results for Package svrpath

Last updated on 2025-02-16 08:51:02 CET.

Flavor Version Tinstall Tcheck Ttotal Status Flags
r-devel-linux-x86_64-debian-clang 0.1.2 5.00 39.46 44.46 OK
r-devel-linux-x86_64-debian-gcc 0.1.2 3.80 29.59 33.39 OK
r-devel-linux-x86_64-fedora-clang 0.1.2 73.31 OK
r-devel-linux-x86_64-fedora-gcc 0.1.2 68.13 OK
r-devel-macos-arm64 0.1.2 22.00 OK
r-devel-macos-x86_64 0.1.2 40.00 OK
r-devel-windows-x86_64 0.1.2 5.00 61.00 66.00 OK
r-patched-linux-x86_64 0.1.2 5.41 37.18 42.59 NOTE
r-release-linux-x86_64 0.1.2 5.21 37.28 42.49 NOTE
r-release-macos-arm64 0.1.2 22.00 NOTE
r-release-macos-x86_64 0.1.2 33.00 NOTE
r-release-windows-x86_64 0.1.2 5.00 54.00 59.00 NOTE
r-oldrel-macos-arm64 0.1.2 27.00 NOTE
r-oldrel-macos-x86_64 0.1.2 38.00 NOTE
r-oldrel-windows-x86_64 0.1.2 6.00 63.00 69.00 NOTE

Additional issues

donttest

Check Details

Version: 0.1.2
Check: LazyData
Result: NOTE 'LazyData' is specified without a 'data' directory Flavors: r-patched-linux-x86_64, r-release-linux-x86_64, r-release-macos-arm64, r-release-macos-x86_64, r-release-windows-x86_64, r-oldrel-macos-arm64, r-oldrel-macos-x86_64, r-oldrel-windows-x86_64

These binaries (installable software) and packages are in development.
They may not be fully stable and should be used with caution. We make no claims about them.