Last updated on 2025-05-03 22:50:11 CEST.
Flavor | Version | Tinstall | Tcheck | Ttotal | Status | Flags |
---|---|---|---|---|---|---|
r-devel-linux-x86_64-debian-clang | 1.2 | 8.81 | 98.22 | 107.03 | NOTE | |
r-devel-linux-x86_64-debian-gcc | 1.2 | 6.41 | 72.92 | 79.33 | NOTE | |
r-devel-linux-x86_64-fedora-clang | 1.2 | 170.38 | OK | |||
r-devel-linux-x86_64-fedora-gcc | 1.2 | 179.29 | OK | |||
r-devel-windows-x86_64 | 1.2 | 10.00 | 114.00 | 124.00 | NOTE | |
r-patched-linux-x86_64 | 1.2 | 7.43 | 93.59 | 101.02 | NOTE | |
r-release-linux-x86_64 | NOTE | |||||
r-release-macos-arm64 | 1.2 | 69.00 | OK | |||
r-release-macos-x86_64 | 1.2 | 134.00 | OK | |||
r-release-windows-x86_64 | 1.2 | 10.00 | 113.00 | 123.00 | NOTE | |
r-oldrel-macos-arm64 | 1.2 | 56.00 | OK | |||
r-oldrel-macos-x86_64 | 1.2 | 84.00 | OK | |||
r-oldrel-windows-x86_64 | 1.2 | 13.00 | 143.00 | 156.00 | OK |
Version: 1.2
Check: CRAN incoming feasibility
Result: NOTE
Maintainer: ‘Thomas Lumley <t.lumley@auckland.ac.nz>’
No Authors@R field in DESCRIPTION.
Please add one, modifying
Authors@R: person(given = "Thomas",
family = "Lumley",
role = c("aut", "cre"),
email = "t.lumley@auckland.ac.nz")
as necessary.
Flavors: r-devel-linux-x86_64-debian-clang, r-devel-linux-x86_64-debian-gcc
Version: 1.2
Check: Rd cross-references
Result: NOTE
Found the following Rd file(s) with Rd \link{} targets missing package
anchors:
svy_vglm.Rd: vglm, svydesign, svrepdesign
Please provide package anchors for all Rd \link{} targets not in the
package itself and the base packages.
Flavors: r-devel-linux-x86_64-debian-clang, r-devel-linux-x86_64-debian-gcc, r-devel-windows-x86_64, r-patched-linux-x86_64, r-release-linux-x86_64, r-release-windows-x86_64
These binaries (installable software) and packages are in development.
They may not be fully stable and should be used with caution. We make no claims about them.