Last updated on 2024-07-27 15:50:35 CEST.
Flavor | Version | Tinstall | Tcheck | Ttotal | Status | Flags |
---|---|---|---|---|---|---|
r-devel-linux-x86_64-debian-clang | 1.2 | 8.58 | 126.13 | 134.71 | OK | |
r-devel-linux-x86_64-debian-gcc | 1.2 | NOTE | ||||
r-devel-linux-x86_64-fedora-clang | 1.2 | 170.52 | OK | |||
r-devel-linux-x86_64-fedora-gcc | 1.2 | 172.73 | OK | |||
r-devel-windows-x86_64 | 1.2 | 10.00 | 114.00 | 124.00 | NOTE | |
r-patched-linux-x86_64 | 1.2 | OK | ||||
r-release-linux-x86_64 | 1.2 | 7.01 | 117.02 | 124.03 | OK | |
r-release-macos-arm64 | 1.2 | 56.00 | OK | |||
r-release-macos-x86_64 | 1.2 | 84.00 | OK | |||
r-release-windows-x86_64 | 1.2 | 9.00 | 113.00 | 122.00 | OK | |
r-oldrel-macos-arm64 | 1.2 | 58.00 | OK | |||
r-oldrel-macos-x86_64 | 1.2 | 101.00 | OK | |||
r-oldrel-windows-x86_64 | 1.2 | 13.00 | 133.00 | 146.00 | OK |
Version: 1.2
Check: Rd cross-references
Result: NOTE
Found the following Rd file(s) with Rd \link{} targets missing package
anchors:
svy_vglm.Rd: vglm, svydesign, svrepdesign
Please provide package anchors for all Rd \link{} targets not in the
package itself and the base packages.
Flavors: r-devel-linux-x86_64-debian-gcc, r-devel-windows-x86_64
These binaries (installable software) and packages are in development.
They may not be fully stable and should be used with caution. We make no claims about them.