CRAN Package Check Results for Package svyVGAM

Last updated on 2025-02-16 08:51:02 CET.

Flavor Version Tinstall Tcheck Ttotal Status Flags
r-devel-linux-x86_64-debian-clang 1.2 8.67 98.10 106.77 NOTE
r-devel-linux-x86_64-debian-gcc 1.2 6.28 70.09 76.37 NOTE
r-devel-linux-x86_64-fedora-clang 1.2 173.48 OK
r-devel-linux-x86_64-fedora-gcc 1.2 186.23 OK
r-devel-macos-arm64 1.2 57.00 OK
r-devel-macos-x86_64 1.2 120.00 OK
r-devel-windows-x86_64 1.2 9.00 112.00 121.00 NOTE
r-patched-linux-x86_64 1.2 11.53 91.28 102.81 OK
r-release-linux-x86_64 1.2 6.92 90.92 97.84 OK
r-release-macos-arm64 1.2 56.00 OK
r-release-macos-x86_64 1.2 84.00 OK
r-release-windows-x86_64 1.2 8.00 112.00 120.00 OK
r-oldrel-macos-arm64 1.2 58.00 OK
r-oldrel-macos-x86_64 1.2 101.00 OK
r-oldrel-windows-x86_64 1.2 12.00 152.00 164.00 OK

Check Details

Version: 1.2
Check: Rd cross-references
Result: NOTE Found the following Rd file(s) with Rd \link{} targets missing package anchors: svy_vglm.Rd: vglm, svydesign, svrepdesign Please provide package anchors for all Rd \link{} targets not in the package itself and the base packages. Flavors: r-devel-linux-x86_64-debian-clang, r-devel-linux-x86_64-debian-gcc, r-devel-windows-x86_64

These binaries (installable software) and packages are in development.
They may not be fully stable and should be used with caution. We make no claims about them.