Last updated on 2025-05-01 14:49:24 CEST.
Flavor | Version | Tinstall | Tcheck | Ttotal | Status | Flags |
---|---|---|---|---|---|---|
r-devel-linux-x86_64-debian-clang | 1.5-1 | 10.46 | 101.64 | 112.10 | NOTE | |
r-devel-linux-x86_64-debian-gcc | 1.5-1 | 7.16 | 72.48 | 79.64 | NOTE | |
r-devel-linux-x86_64-fedora-clang | 1.5-1 | 177.46 | OK | |||
r-devel-linux-x86_64-fedora-gcc | 1.5-1 | 172.17 | OK | |||
r-devel-windows-x86_64 | 1.5-1 | 10.00 | 108.00 | 118.00 | OK | |
r-patched-linux-x86_64 | 1.5-1 | 8.52 | 100.86 | 109.38 | OK | |
r-release-linux-x86_64 | OK | |||||
r-release-macos-arm64 | 1.5-1 | 61.00 | OK | |||
r-release-macos-x86_64 | 1.5-1 | 118.00 | OK | |||
r-release-windows-x86_64 | 1.5-1 | 10.00 | 108.00 | 118.00 | OK | |
r-oldrel-macos-arm64 | 1.5-1 | 47.00 | OK | |||
r-oldrel-macos-x86_64 | 1.5-1 | 74.00 | OK | |||
r-oldrel-windows-x86_64 | 1.5-1 | 13.00 | 136.00 | 149.00 | OK |
Version: 1.5-1
Check: CRAN incoming feasibility
Result: NOTE
Maintainer: ‘Thomas Lumley <t.lumley@auckland.ac.nz>’
The Description field contains
likelihood, as described in Lumley & Huang (2023) <arXiv:2311.13048>.
Please refer to arXiv e-prints via their arXiv DOI <doi:10.48550/arXiv.YYMM.NNNNN>.
Flavors: r-devel-linux-x86_64-debian-clang, r-devel-linux-x86_64-debian-gcc
Version: 1.5-1
Check: examples
Result: NOTE
Examples with CPU (user + system) or elapsed time > 5s
user system elapsed
boot2lme 9.987 0.277 12.967
milk_subset 6.739 0.132 9.296
Flavor: r-devel-linux-x86_64-debian-clang
Version: 1.5-1
Check: examples
Result: NA
user system elapsed
boot2lme 5.529 0.019 6.205
milk_subset 5.332 0.146 6.361
OK
Flavor: r-devel-linux-x86_64-debian-gcc
These binaries (installable software) and packages are in development.
They may not be fully stable and should be used with caution. We make no claims about them.