Last updated on 2025-10-03 01:50:05 CEST.
Flavor | Version | Tinstall | Tcheck | Ttotal | Status | Flags |
---|---|---|---|---|---|---|
r-devel-linux-x86_64-debian-clang | 0.1.0 | 6.79 | 73.57 | 80.36 | NOTE | |
r-devel-linux-x86_64-debian-gcc | 0.1.0 | 5.93 | 52.87 | 58.80 | NOTE | |
r-devel-linux-x86_64-fedora-clang | 0.1.0 | 120.38 | NOTE | |||
r-devel-linux-x86_64-fedora-gcc | 0.1.0 | 113.94 | NOTE | |||
r-devel-windows-x86_64 | 0.1.0 | 8.00 | 82.00 | 90.00 | NOTE | |
r-patched-linux-x86_64 | 0.1.0 | 7.76 | 70.21 | 77.97 | NOTE | |
r-release-linux-x86_64 | 0.1.0 | 7.17 | 70.48 | 77.65 | NOTE | |
r-release-macos-arm64 | 0.1.0 | 42.00 | NOTE | |||
r-release-macos-x86_64 | 0.1.0 | 78.00 | NOTE | |||
r-release-windows-x86_64 | 0.1.0 | 8.00 | 81.00 | 89.00 | NOTE | |
r-oldrel-macos-arm64 | 0.1.0 | 42.00 | NOTE | |||
r-oldrel-macos-x86_64 | 0.1.0 | 55.00 | NOTE | |||
r-oldrel-windows-x86_64 | 0.1.0 | 11.00 | 102.00 | 113.00 | NOTE |
Version: 0.1.0
Check: Rd files
Result: NOTE
checkRd: (-1) eff_n.Rd:32: Lost braces; missing escapes or markup?
32 | \code{\link[survey:surveysummary]{survey::svymean()}} and related functions from the {survey}
| ^
Flavors: r-devel-linux-x86_64-debian-clang, r-devel-linux-x86_64-debian-gcc, r-devel-linux-x86_64-fedora-clang, r-devel-linux-x86_64-fedora-gcc, r-devel-windows-x86_64, r-patched-linux-x86_64, r-release-linux-x86_64, r-release-macos-arm64, r-release-macos-x86_64, r-release-windows-x86_64, r-oldrel-macos-arm64, r-oldrel-macos-x86_64, r-oldrel-windows-x86_64
These binaries (installable software) and packages are in development.
They may not be fully stable and should be used with caution. We make no claims about them.