Last updated on 2025-02-02 16:49:22 CET.
Flavor | Version | Tinstall | Tcheck | Ttotal | Status | Flags |
---|---|---|---|---|---|---|
r-devel-linux-x86_64-debian-clang | 0.1.0 | 8.20 | 70.66 | 78.86 | NOTE | |
r-devel-linux-x86_64-debian-gcc | 0.1.0 | 5.47 | 53.99 | 59.46 | NOTE | |
r-devel-linux-x86_64-fedora-clang | 0.1.0 | 129.00 | NOTE | |||
r-devel-linux-x86_64-fedora-gcc | 0.1.0 | 118.47 | NOTE | |||
r-devel-windows-x86_64 | 0.1.0 | 9.00 | 79.00 | 88.00 | NOTE | |
r-patched-linux-x86_64 | 0.1.0 | 7.72 | 66.55 | 74.27 | NOTE | |
r-release-linux-x86_64 | 0.1.0 | 6.88 | 67.09 | 73.97 | NOTE | |
r-release-macos-arm64 | 0.1.0 | 42.00 | NOTE | |||
r-release-macos-x86_64 | 0.1.0 | 55.00 | NOTE | |||
r-release-windows-x86_64 | 0.1.0 | 8.00 | 79.00 | 87.00 | NOTE | |
r-oldrel-macos-arm64 | 0.1.0 | 38.00 | OK | |||
r-oldrel-macos-x86_64 | 0.1.0 | 64.00 | OK | |||
r-oldrel-windows-x86_64 | 0.1.0 | 10.00 | 97.00 | 107.00 | OK |
Version: 0.1.0
Check: Rd files
Result: NOTE
checkRd: (-1) eff_n.Rd:32: Lost braces; missing escapes or markup?
32 | \code{\link[survey:surveysummary]{survey::svymean()}} and related functions from the {survey}
| ^
Flavors: r-devel-linux-x86_64-debian-clang, r-devel-linux-x86_64-debian-gcc, r-devel-linux-x86_64-fedora-clang, r-devel-linux-x86_64-fedora-gcc, r-devel-windows-x86_64, r-patched-linux-x86_64, r-release-linux-x86_64, r-release-macos-arm64, r-release-macos-x86_64, r-release-windows-x86_64
These binaries (installable software) and packages are in development.
They may not be fully stable and should be used with caution. We make no claims about them.