Last updated on 2025-05-08 04:52:20 CEST.
Flavor | Version | Tinstall | Tcheck | Ttotal | Status | Flags |
---|---|---|---|---|---|---|
r-devel-linux-x86_64-debian-clang | 0.1.0 | 7.71 | 71.39 | 79.10 | NOTE | |
r-devel-linux-x86_64-debian-gcc | 0.1.0 | 5.47 | 52.45 | 57.92 | NOTE | |
r-devel-linux-x86_64-fedora-clang | 0.1.0 | 124.81 | NOTE | |||
r-devel-linux-x86_64-fedora-gcc | 0.1.0 | 119.85 | NOTE | |||
r-devel-windows-x86_64 | 0.1.0 | 9.00 | 81.00 | 90.00 | NOTE | |
r-patched-linux-x86_64 | 0.1.0 | 6.59 | 68.23 | 74.82 | NOTE | |
r-release-linux-x86_64 | 0.1.0 | 7.56 | 67.58 | 75.14 | NOTE | |
r-release-macos-arm64 | 0.1.0 | 42.00 | NOTE | |||
r-release-macos-x86_64 | 0.1.0 | 78.00 | NOTE | |||
r-release-windows-x86_64 | 0.1.0 | 9.00 | 79.00 | 88.00 | NOTE | |
r-oldrel-macos-arm64 | 0.1.0 | 42.00 | NOTE | |||
r-oldrel-macos-x86_64 | 0.1.0 | 55.00 | NOTE | |||
r-oldrel-windows-x86_64 | 0.1.0 | 11.00 | 99.00 | 110.00 | NOTE |
Version: 0.1.0
Check: Rd files
Result: NOTE
checkRd: (-1) eff_n.Rd:32: Lost braces; missing escapes or markup?
32 | \code{\link[survey:surveysummary]{survey::svymean()}} and related functions from the {survey}
| ^
Flavors: r-devel-linux-x86_64-debian-clang, r-devel-linux-x86_64-debian-gcc, r-devel-linux-x86_64-fedora-clang, r-devel-linux-x86_64-fedora-gcc, r-devel-windows-x86_64, r-patched-linux-x86_64, r-release-linux-x86_64, r-release-macos-arm64, r-release-macos-x86_64, r-release-windows-x86_64, r-oldrel-macos-arm64, r-oldrel-macos-x86_64, r-oldrel-windows-x86_64
These binaries (installable software) and packages are in development.
They may not be fully stable and should be used with caution. We make no claims about them.