Last updated on 2025-10-25 01:51:18 CEST.
| Flavor | Version | Tinstall | Tcheck | Ttotal | Status | Flags |
|---|---|---|---|---|---|---|
| r-devel-linux-x86_64-debian-clang | 0.8.1 | 4.39 | 59.69 | 64.08 | NOTE | |
| r-devel-linux-x86_64-debian-gcc | 0.8.1 | 4.08 | 44.32 | 48.40 | NOTE | |
| r-devel-linux-x86_64-fedora-clang | 0.8.1 | 26.00 | 77.13 | 103.13 | OK | |
| r-devel-linux-x86_64-fedora-gcc | 0.8.1 | 11.00 | 79.35 | 90.35 | OK | |
| r-devel-windows-x86_64 | 0.8.1 | 7.00 | 73.00 | 80.00 | OK | |
| r-patched-linux-x86_64 | 0.8.1 | 5.21 | 55.89 | 61.10 | OK | |
| r-release-linux-x86_64 | 0.8.1 | 4.69 | 55.49 | 60.18 | OK | |
| r-release-macos-arm64 | 0.8.1 | 3.00 | 25.00 | 28.00 | OK | |
| r-release-macos-x86_64 | 0.8.1 | 5.00 | 43.00 | 48.00 | OK | |
| r-release-windows-x86_64 | 0.8.1 | 7.00 | 73.00 | 80.00 | OK | |
| r-oldrel-macos-arm64 | 0.8.1 | 2.00 | 24.00 | 26.00 | NOTE | |
| r-oldrel-macos-x86_64 | 0.8.1 | 4.00 | 35.00 | 39.00 | NOTE | |
| r-oldrel-windows-x86_64 | 0.8.1 | 10.00 | 89.00 | 99.00 | NOTE |
Version: 0.8.1
Check: CRAN incoming feasibility
Result: NOTE
Maintainer: ‘Xingye Qiao <qiao@math.binghamton.edu>’
Found the following \keyword or \concept entries
which likely give several index terms:
File ‘swa.Rd’:
\keyword{classification,}
\keyword{selection,}
Flavors: r-devel-linux-x86_64-debian-clang, r-devel-linux-x86_64-debian-gcc
Version: 0.8.1
Check: LazyData
Result: NOTE
'LazyData' is specified without a 'data' directory
Flavors: r-oldrel-macos-arm64, r-oldrel-macos-x86_64, r-oldrel-windows-x86_64
These binaries (installable software) and packages are in development.
They may not be fully stable and should be used with caution. We make no claims about them.