Last updated on 2025-11-12 23:51:01 CET.
| Flavor | Version | Tinstall | Tcheck | Ttotal | Status | Flags |
|---|---|---|---|---|---|---|
| r-devel-linux-x86_64-debian-clang | 5.17.14.1 | 1.66 | 19.89 | 21.55 | OK | |
| r-devel-linux-x86_64-debian-gcc | 5.17.14.1 | 1.40 | 16.57 | 17.97 | OK | |
| r-devel-linux-x86_64-fedora-clang | 5.17.14.1 | 31.46 | OK | |||
| r-devel-linux-x86_64-fedora-gcc | 5.17.14.1 | 30.16 | OK | |||
| r-devel-windows-x86_64 | 5.17.14.1 | 3.00 | 39.00 | 42.00 | OK | |
| r-patched-linux-x86_64 | 5.17.14.1 | 1.73 | 18.82 | 20.55 | OK | |
| r-release-linux-x86_64 | 5.17.14.1 | 1.46 | 19.05 | 20.51 | OK | |
| r-release-macos-arm64 | 5.17.14.1 | 1.00 | 24.00 | 25.00 | OK | |
| r-release-macos-x86_64 | 5.17.14.1 | 2.00 | 24.00 | 26.00 | OK | |
| r-release-windows-x86_64 | 5.17.14.1 | 3.00 | 38.00 | 41.00 | OK | |
| r-oldrel-macos-arm64 | 5.17.14.1 | 1.00 | 18.00 | 19.00 | NOTE | |
| r-oldrel-macos-x86_64 | 5.17.14.1 | 2.00 | 52.00 | 54.00 | NOTE | |
| r-oldrel-windows-x86_64 | 5.17.14.1 | 4.00 | 45.00 | 49.00 | NOTE |
Version: 5.17.14.1
Check: installed package size
Result: NOTE
installed size is 6.2Mb
sub-directories of 1Mb or more:
dist3 2.0Mb
dist4 1.7Mb
dist5 2.1Mb
Flavors: r-oldrel-macos-arm64, r-oldrel-macos-x86_64, r-oldrel-windows-x86_64
These binaries (installable software) and packages are in development.
They may not be fully stable and should be used with caution. We make no claims about them.